(391,'https://theswimzone.com/product/happy-ninja/','44:a3da3fc7e0b8a01620427c8583715e74',37,'post','product',1,0,NULL,NULL,'Pro Series Sand Filter Tank W/ Valve (Various Sizes)','publish',NULL,0,NULL,NULL,NULL,NULL,NULL,30,0,NULL,0,NULL,NULL,NULL,NULL,'https://theswimzone.com/wp-content/uploads/2020/07/shop-prd-2-1.jpg',NULL,'2494','featured-image',NULL,NULL,'https://theswimzone.com/wp-content/uploads/2020/07/shop-prd-2-1.jpg','2494','featured-image','{\"width\":1200,\"height\":1572,\"url\":\"https://theswimzone.com/wp-content/uploads/2020/07/shop-prd-2-1.jpg\",\"path\":\"/home/hepphi5/public_html/wp-content/uploads/2020/07/shop-prd-2-1.jpg\",\"size\":\"full\",\"id\":2494,\"alt\":\"\",\"pixels\":1886400,\"type\":\"image/jpeg\"}',0,NULL,NULL,'2020-11-17 05:14:11','2021-12-22 02:18:02',1,NULL,NULL,NULL,NULL,0,NULL,2,'2021-12-18 21:05:12','2013-06-07 10:53:15'),(392,'https://theswimzone.com/product/patient-ninja/','46:3af18b712d2cea6e51b12cd79b63bcea',50,'post','product',1,0,NULL,NULL,'Waterway Vinyl Main Drain Gray (Set of 2)','publish',NULL,0,NULL,NULL,NULL,NULL,NULL,30,0,NULL,0,NULL,NULL,NULL,NULL,'https://theswimzone.com/wp-content/uploads/2020/07/shop-prd-6-1.jpg',NULL,'2480','featured-image',NULL,NULL,'https://theswimzone.com/wp-content/uploads/2020/07/shop-prd-6-1.jpg','2480','featured-image','{\"width\":1200,\"height\":1572,\"url\":\"https://theswimzone.com/wp-content/uploads/2020/07/shop-prd-6-1.jpg\",\"path\":\"/home/hepphi5/public_html/wp-content/uploads/2020/07/shop-prd-6-1.jpg\",\"size\":\"full\",\"id\":2480,\"alt\":\"\",\"pixels\":1886400,\"type\":\"image/jpeg\"}',0,NULL,NULL,'2020-11-17 05:14:11','2021-12-23 14:11:00',1,NULL,NULL,NULL,NULL,0,NULL,2,'2020-11-17 05:14:16','2013-06-07 11:03:56'),(393,'https://theswimzone.com/product/happy-ninja-2/','46:f1fd6f3025958d056318e76a664f9fb5',53,'post','product',1,0,NULL,NULL,'Commercial Grade Backwash Hose','publish',NULL,0,NULL,NULL,NULL,NULL,NULL,30,0,NULL,0,NULL,NULL,NULL,NULL,'https://theswimzone.com/wp-content/uploads/2020/07/shop-prd-3-1.jpg',NULL,'2477','featured-image',NULL,NULL,'https://theswimzone.com/wp-content/uploads/2020/07/shop-prd-3-1.jpg','2477','featured-image','{\"width\":1200,\"height\":1572,\"url\":\"https://theswimzone.com/wp-content/uploads/2020/07/shop-prd-3-1.jpg\",\"path\":\"/home/hepphi5/public_html/wp-content/uploads/2020/07/shop-prd-3-1.jpg\",\"size\":\"full\",\"id\":2477,\"alt\":\"\",\"pixels\":1886400,\"type\":\"image/jpeg\"}',0,NULL,NULL,'2020-11-17 05:14:11','2021-12-21 02:50:14',1,NULL,NULL,NULL,NULL,0,NULL,2,'2021-12-18 21:05:12','2013-06-07 11:05:37'),(394,'https://theswimzone.com/product/ninja-silhouette-2/','51:d21c60594c38568e97a8d7c23a479827',56,'post','product',1,0,NULL,NULL,'Pool Cleaner &#038; Vacuum Storage Hose Reel','publish',NULL,0,NULL,NULL,NULL,NULL,NULL,30,0,NULL,0,NULL,NULL,NULL,NULL,'https://theswimzone.com/wp-content/uploads/2020/07/shop-prd-4-1.jpg',NULL,'2478','featured-image',NULL,NULL,'https://theswimzone.com/wp-content/uploads/2020/07/shop-prd-4-1.jpg','2478','featured-image','{\"width\":1200,\"height\":1572,\"url\":\"https://theswimzone.com/wp-content/uploads/2020/07/shop-prd-4-1.jpg\",\"path\":\"/home/hepphi5/public_html/wp-content/uploads/2020/07/shop-prd-4-1.jpg\",\"size\":\"full\",\"id\":2478,\"alt\":\"\",\"pixels\":1886400,\"type\":\"image/jpeg\"}',0,NULL,NULL,'2020-11-17 05:14:11','2021-12-19 08:32:57',1,NULL,NULL,NULL,NULL,0,NULL,2,'2021-12-18 21:05:12','2013-06-07 11:07:19'),(395,'https://theswimzone.com/product/flying-ninja/','45:80cd215cd84d55d6f10721c59639c5c8',70,'post','product',1,0,NULL,NULL,'Replacement REPB286506 Shock and Strut Mount &#8211; Direct Fit','publish',NULL,0,NULL,NULL,NULL,NULL,NULL,30,0,NULL,0,NULL,NULL,NULL,NULL,'https://theswimzone.com/wp-content/uploads/2020/07/prd-big-1-1.jpg',NULL,'2487','featured-image',NULL,NULL,'https://theswimzone.com/wp-content/uploads/2020/07/prd-big-1-1.jpg','2487','featured-image','{\"width\":800,\"height\":1045,\"url\":\"https://theswimzone.com/wp-content/uploads/2020/07/prd-big-1-1.jpg\",\"path\":\"/home/hepphi5/public_html/wp-content/uploads/2020/07/prd-big-1-1.jpg\",\"size\":\"full\",\"id\":2487,\"alt\":\"\",\"pixels\":836000,\"type\":\"image/jpeg\"}',0,NULL,NULL,'2020-11-17 05:14:11','2021-12-20 02:32:20',1,NULL,NULL,NULL,NULL,0,NULL,2,'2021-12-18 21:05:12','2013-06-07 11:25:01'),(396,'https://theswimzone.com/product/premium-quality-2/','50:c0f749f705a3be4db112a134fcb4b184',73,'post','product',1,0,NULL,NULL,'Elite Quartz Halogen 50W Flood Light for Above Ground Pools','publish',NULL,0,NULL,NULL,NULL,NULL,NULL,30,0,NULL,0,NULL,NULL,NULL,NULL,'https://theswimzone.com/wp-content/uploads/2020/07/shop-prd-8-1.jpg',NULL,'2482','featured-image',NULL,NULL,'https://theswimzone.com/wp-content/uploads/2020/07/shop-prd-8-1.jpg','2482','featured-image','{\"width\":1200,\"height\":1572,\"url\":\"https://theswimzone.com/wp-content/uploads/2020/07/shop-prd-8-1.jpg\",\"path\":\"/home/hepphi5/public_html/wp-content/uploads/2020/07/shop-prd-8-1.jpg\",\"size\":\"full\",\"id\":2482,\"alt\":\"\",\"pixels\":1886400,\"type\":\"image/jpeg\"}',0,NULL,NULL,'2020-11-17 05:14:11','2021-12-20 11:16:56',1,NULL,NULL,NULL,NULL,0,NULL,2,'2021-12-18 21:05:12','2013-06-07 11:27:38'),(397,'https://theswimzone.com/product/woo-single-2/','45:26c13de2fa879e54b15a1e81fcea0344',99,'post','product',1,0,NULL,NULL,'Magnum Force Pump For Inground Pools (Various Horse Powers)','publish',NULL,0,NULL,NULL,NULL,NULL,NULL,30,0,NULL,0,NULL,NULL,NULL,NULL,'https://theswimzone.com/wp-content/uploads/2020/07/shop-prd-9-1.jpg',NULL,'2483','featured-image',NULL,NULL,'https://theswimzone.com/wp-content/uploads/2020/07/shop-prd-9-1.jpg','2483','featured-image','{\"width\":1200,\"height\":1572,\"url\":\"https://theswimzone.com/wp-content/uploads/2020/07/shop-prd-9-1.jpg\",\"path\":\"/home/hepphi5/public_html/wp-content/uploads/2020/07/shop-prd-9-1.jpg\",\"size\":\"full\",\"id\":2483,\"alt\":\"\",\"pixels\":1886400,\"type\":\"image/jpeg\"}',0,NULL,NULL,'2020-11-17 05:14:11','2021-12-23 14:13:35',1,NULL,NULL,NULL,NULL,0,NULL,2,'2021-12-18 21:05:12','2013-06-07 11:38:12'),(398,'https://theswimzone.com/projects/duis-pharetra-neque-nullam/','60:72bed0c748b97a4879c2abcb48a40f89',1983,'post','projects',1,0,NULL,NULL,'Duis pharetra at neque nullam','publish',NULL,0,NULL,NULL,NULL,NULL,NULL,30,0,NULL,0,NULL,NULL,NULL,NULL,'https://theswimzone.com/wp-content/uploads/2020/07/gallery-img-20-3.jpg',NULL,'2157','featured-image',NULL,NULL,'https://theswimzone.com/wp-content/uploads/2020/07/gallery-img-20-3.jpg','2157','featured-image','{\"width\":800,\"height\":638,\"url\":\"https://theswimzone.com/wp-content/uploads/2020/07/gallery-img-20-3.jpg\",\"path\":\"/home/hepphi5/public_html/wp-content/uploads/2020/07/gallery-img-20-3.jpg\",\"size\":\"full\",\"id\":2157,\"alt\":\"\",\"pixels\":510400,\"type\":\"image/jpeg\"}',0,NULL,NULL,'2020-11-17 05:14:11','2021-12-25 03:15:32',1,NULL,NULL,NULL,NULL,0,NULL,2,'2016-12-10 02:40:53','2016-12-10 02:40:53'),(399,'https://theswimzone.com/projects/sed-suscipit-posuere-volutpat/','63:68ed715f7516527a0a86987d7726c007',1986,'post','projects',1,0,NULL,NULL,'Sed suscipit posuere volutpat.','publish',NULL,0,NULL,NULL,NULL,NULL,NULL,30,0,NULL,0,NULL,NULL,NULL,NULL,'https://theswimzone.com/wp-content/uploads/2020/07/gallery-img-19-1.jpg',NULL,'2156','featured-image',NULL,NULL,'https://theswimzone.com/wp-content/uploads/2020/07/gallery-img-19-1.jpg','2156','featured-image','{\"width\":800,\"height\":638,\"url\":\"https://theswimzone.com/wp-content/uploads/2020/07/gallery-img-19-1.jpg\",\"path\":\"/home/hepphi5/public_html/wp-content/uploads/2020/07/gallery-img-19-1.jpg\",\"size\":\"full\",\"id\":2156,\"alt\":\"\",\"pixels\":510400,\"type\":\"image/jpeg\"}',0,NULL,NULL,'2020-11-17 05:14:11','2021-12-25 03:15:32',1,NULL,NULL,NULL,NULL,0,NULL,2,'2016-12-10 02:49:30','2016-12-10 02:49:30'),(400,'https://theswimzone.com/2016/12/19/getting-your-pool-ready-to-swim/','67:56a7ef61d7bae1093105fb1ac48859ae',2193,'post','post',1,0,NULL,NULL,'Getting your pool ready to swim','publish',NULL,0,NULL,NULL,NULL,NULL,NULL,30,0,NULL,0,NULL,NULL,NULL,NULL,'https://theswimzone.com/wp-content/uploads/2020/07/blog-post-img-1-1.jpg',NULL,'2221','featured-image',NULL,NULL,'https://theswimzone.com/wp-content/uploads/2020/07/blog-post-img-1-1.jpg','2221','featured-image','{\"width\":870,\"height\":483,\"url\":\"https://theswimzone.com/wp-content/uploads/2020/07/blog-post-img-1-1.jpg\",\"path\":\"/home/hepphi5/public_html/wp-content/uploads/2020/07/blog-post-img-1-1.jpg\",\"size\":\"full\",\"id\":2221,\"alt\":\"\",\"pixels\":420210,\"type\":\"image/jpeg\"}',0,NULL,NULL,'2020-11-17 05:14:11','2021-12-20 00:25:17',1,NULL,NULL,NULL,NULL,0,NULL,2,'2016-12-19 09:36:23','2016-12-19 09:36:23'),(401,'https://theswimzone.com/2016/12/19/two-important-milestones-2/','62:841e9ddd8af406dbe897f5e41febc4c1',2195,'post','post',1,0,NULL,NULL,'Pool Service and Pool','publish',NULL,0,NULL,NULL,NULL,NULL,NULL,30,0,NULL,0,NULL,NULL,NULL,NULL,'https://theswimzone.com/wp-content/uploads/2020/07/gallery-img-08-3.jpg',NULL,'2145','featured-image',NULL,NULL,'https://theswimzone.com/wp-content/uploads/2020/07/gallery-img-08-3.jpg','2145','featured-image','{\"width\":800,\"height\":638,\"url\":\"https://theswimzone.com/wp-content/uploads/2020/07/gallery-img-08-3.jpg\",\"path\":\"/home/hepphi5/public_html/wp-content/uploads/2020/07/gallery-img-08-3.jpg\",\"size\":\"full\",\"id\":2145,\"alt\":\"\",\"pixels\":510400,\"type\":\"image/jpeg\"}',0,NULL,NULL,'2020-11-17 05:14:11','2021-12-20 02:32:19',1,NULL,NULL,NULL,NULL,0,NULL,2,'2016-12-19 09:35:44','2016-12-19 09:35:44'),(402,'https://theswimzone.com/type/gallery/','37:d7e02dec13a6eeb0e84e5add4d7db0ff',51,'term','post_format',NULL,NULL,NULL,NULL,'Gallery',NULL,NULL,0,NULL,NULL,NULL,NULL,NULL,NULL,0,NULL,NULL,NULL,NULL,NULL,NULL,NULL,NULL,NULL,NULL,NULL,NULL,NULL,NULL,NULL,NULL,0,NULL,NULL,'2020-11-17 05:14:11','2021-12-20 01:57:29',1,NULL,NULL,NULL,NULL,0,NULL,2,'2016-12-19 09:35:44','2016-12-19 09:35:44'),(403,'https://theswimzone.com/2017/02/27/hello-world-copy/','52:c905f01ab2b048419a4a1e516d1f810a',2324,'post','post',1,0,NULL,NULL,'Clients of Pool Service and Pool','publish',NULL,0,NULL,NULL,NULL,NULL,NULL,30,0,NULL,0,NULL,NULL,NULL,NULL,'https://theswimzone.com/wp-content/uploads/2020/07/block-bg-2-1.jpg',NULL,'1714','featured-image',NULL,NULL,'https://theswimzone.com/wp-content/uploads/2020/07/block-bg-2-1.jpg','1714','featured-image','{\"width\":1920,\"height\":1000,\"url\":\"https://theswimzone.com/wp-content/uploads/2020/07/block-bg-2-1.jpg\",\"path\":\"/home/hepphi5/public_html/wp-content/uploads/2020/07/block-bg-2-1.jpg\",\"size\":\"full\",\"id\":1714,\"alt\":\"\",\"pixels\":1920000,\"type\":\"image/jpeg\"}',0,NULL,NULL,'2020-11-17 05:14:12','2021-12-25 03:15:32',1,NULL,NULL,NULL,NULL,0,NULL,2,'2017-02-27 10:23:12','2017-02-27 10:23:12'),(404,'https://theswimzone.com/product/ninja-silhouette/','49:63a56e94e65f5c1c940ac824a3e6c023',2472,'post','product',1,0,NULL,NULL,'Replacement Filter Cartridge','publish',NULL,0,NULL,NULL,NULL,NULL,NULL,30,0,NULL,0,NULL,NULL,NULL,NULL,'https://theswimzone.com/wp-content/uploads/2020/07/shop-prd-5-1.jpg',NULL,'2479','featured-image',NULL,NULL,'https://theswimzone.com/wp-content/uploads/2020/07/shop-prd-5-1.jpg','2479','featured-image','{\"width\":1200,\"height\":1572,\"url\":\"https://theswimzone.com/wp-content/uploads/2020/07/shop-prd-5-1.jpg\",\"path\":\"/home/hepphi5/public_html/wp-content/uploads/2020/07/shop-prd-5-1.jpg\",\"size\":\"full\",\"id\":2479,\"alt\":\"\",\"pixels\":1886400,\"type\":\"image/jpeg\"}',0,NULL,NULL,'2020-11-17 05:14:12','2021-12-23 14:03:48',1,NULL,NULL,NULL,NULL,0,NULL,2,'2020-11-17 05:14:16','2013-06-07 10:49:51'),(405,'https://theswimzone.com/product/premium-quality-copy/','53:1cb18ec72675ee942fba419960123791',2789,'post','product',1,0,NULL,NULL,'Y Shock and Strut Mount – Direct Fit','publish',NULL,0,NULL,NULL,NULL,NULL,NULL,30,0,NULL,0,NULL,NULL,NULL,NULL,'https://theswimzone.com/wp-content/uploads/2020/07/shop-prd-7-1.jpg',NULL,'2481','featured-image',NULL,NULL,'https://theswimzone.com/wp-content/uploads/2020/07/shop-prd-7-1.jpg','2481','featured-image','{\"width\":1200,\"height\":1572,\"url\":\"https://theswimzone.com/wp-content/uploads/2020/07/shop-prd-7-1.jpg\",\"path\":\"/home/hepphi5/public_html/wp-content/uploads/2020/07/shop-prd-7-1.jpg\",\"size\":\"full\",\"id\":2481,\"alt\":\"\",\"pixels\":1886400,\"type\":\"image/jpeg\"}',0,NULL,NULL,'2020-11-17 05:14:12','2021-12-23 14:12:02',1,NULL,NULL,NULL,NULL,0,NULL,2,'2021-12-18 18:52:27','2017-06-15 09:14:51'),(406,'https://theswimzone.com/2020/05/19/now-scheduling-2017-weekly-maintenance-service/','82:74176cc6f8b8b882f529dadb70c90f2b',3398,'post','post',1,0,NULL,NULL,'Now Scheduling 2017 Weekly Maintenance Service','publish',NULL,0,NULL,NULL,NULL,NULL,NULL,30,0,NULL,0,NULL,NULL,NULL,NULL,'https://theswimzone.com/wp-content/uploads/2020/07/news-img-01-1.jpg',NULL,'2648','featured-image',NULL,NULL,'https://theswimzone.com/wp-content/uploads/2020/07/news-img-01-1.jpg','2648','featured-image','{\"width\":370,\"height\":226,\"url\":\"https://theswimzone.com/wp-content/uploads/2020/07/news-img-01-1.jpg\",\"path\":\"/home/hepphi5/public_html/wp-content/uploads/2020/07/news-img-01-1.jpg\",\"size\":\"full\",\"id\":2648,\"alt\":\"\",\"pixels\":83620,\"type\":\"image/jpeg\"}',0,2,NULL,'2020-11-17 05:14:12','2021-12-18 20:36:16',1,NULL,NULL,NULL,NULL,0,NULL,2,'2020-05-19 07:15:17','2020-05-19 07:15:17'),(407,'https://theswimzone.com/2020/05/19/pool-renovation-special/','59:fd4c7eb2d4aa218a6ead1de6ded63272',3400,'post','post',1,0,NULL,NULL,'Pool Renovation Special','publish',NULL,0,NULL,NULL,NULL,NULL,NULL,30,0,NULL,0,NULL,NULL,NULL,NULL,'https://theswimzone.com/wp-content/uploads/2020/07/news-img-02-1.jpg',NULL,'2650','featured-image',NULL,NULL,'https://theswimzone.com/wp-content/uploads/2020/07/news-img-02-1.jpg','2650','featured-image','{\"width\":370,\"height\":226,\"url\":\"https://theswimzone.com/wp-content/uploads/2020/07/news-img-02-1.jpg\",\"path\":\"/home/hepphi5/public_html/wp-content/uploads/2020/07/news-img-02-1.jpg\",\"size\":\"full\",\"id\":2650,\"alt\":\"\",\"pixels\":83620,\"type\":\"image/jpeg\"}',0,2,NULL,'2020-11-17 05:14:12','2021-12-18 20:36:16',1,NULL,NULL,NULL,NULL,0,NULL,2,'2020-05-19 07:17:39','2020-05-19 07:17:39'),(408,'https://theswimzone.com/2020/05/19/automatic-cleaners-redefine-service-efficiency/','82:2758f77e2a3d36a1f2d85f3874172f2d',3401,'post','post',1,0,NULL,NULL,'Automatic Cleaners Redefine Service Efficiency','publish',NULL,0,NULL,NULL,NULL,NULL,NULL,30,0,NULL,0,NULL,NULL,NULL,NULL,'https://theswimzone.com/wp-content/uploads/2020/07/news-img-03-1.jpg',NULL,'2651','featured-image',NULL,NULL,'https://theswimzone.com/wp-content/uploads/2020/07/news-img-03-1.jpg','2651','featured-image','{\"width\":370,\"height\":226,\"url\":\"https://theswimzone.com/wp-content/uploads/2020/07/news-img-03-1.jpg\",\"path\":\"/home/hepphi5/public_html/wp-content/uploads/2020/07/news-img-03-1.jpg\",\"size\":\"full\",\"id\":2651,\"alt\":\"\",\"pixels\":83620,\"type\":\"image/jpeg\"}',0,2,NULL,'2020-11-17 05:14:12','2021-12-18 20:36:16',1,NULL,NULL,NULL,NULL,0,NULL,2,'2020-05-19 07:18:07','2020-05-19 07:18:07'),(410,NULL,NULL,1817,'post','wpcf7_contact_form',1,0,NULL,NULL,'Contact form page','publish',NULL,0,NULL,NULL,NULL,NULL,NULL,0,0,NULL,0,NULL,NULL,NULL,NULL,NULL,NULL,NULL,NULL,NULL,NULL,NULL,NULL,NULL,NULL,0,NULL,NULL,'2020-11-17 05:14:12','2020-12-28 05:03:26',1,NULL,NULL,NULL,NULL,0,NULL,1,NULL,NULL),(411,'https://theswimzone.com/projects/aenean-non-nibh-orci-metus/','60:2496195a813225d61fe17d3ef41fd3fb',1989,'post','projects',1,0,NULL,NULL,'Aenean non nibh in orci metus.','publish',NULL,0,NULL,NULL,NULL,NULL,NULL,30,0,NULL,0,NULL,NULL,NULL,NULL,'https://theswimzone.com/wp-content/uploads/2020/07/gallery-img-18-3.jpg',NULL,'2155','featured-image',NULL,NULL,'https://theswimzone.com/wp-content/uploads/2020/07/gallery-img-18-3.jpg','2155','featured-image','{\"width\":800,\"height\":638,\"url\":\"https://theswimzone.com/wp-content/uploads/2020/07/gallery-img-18-3.jpg\",\"path\":\"/home/hepphi5/public_html/wp-content/uploads/2020/07/gallery-img-18-3.jpg\",\"size\":\"full\",\"id\":2155,\"alt\":\"\",\"pixels\":510400,\"type\":\"image/jpeg\"}',0,NULL,NULL,'2020-11-17 05:14:12','2021-12-25 03:15:32',1,NULL,NULL,NULL,NULL,0,NULL,2,'2016-12-10 02:50:38','2016-12-10 02:50:38'),(412,'https://theswimzone.com/projects/nunc-commodo-sapien-et-amet/','61:50715f62eb9bae124ce3827a883ffe32',1991,'post','projects',1,0,NULL,NULL,'Nunc commodo a sapien et amet.','publish',NULL,0,NULL,NULL,NULL,NULL,NULL,30,0,NULL,0,NULL,NULL,NULL,NULL,'https://theswimzone.com/wp-content/uploads/2020/07/gallery-img-12-3.jpg',NULL,'2149','featured-image',NULL,NULL,'https://theswimzone.com/wp-content/uploads/2020/07/gallery-img-12-3.jpg','2149','featured-image','{\"width\":800,\"height\":638,\"url\":\"https://theswimzone.com/wp-content/uploads/2020/07/gallery-img-12-3.jpg\",\"path\":\"/home/hepphi5/public_html/wp-content/uploads/2020/07/gallery-img-12-3.jpg\",\"size\":\"full\",\"id\":2149,\"alt\":\"\",\"pixels\":510400,\"type\":\"image/jpeg\"}',0,NULL,NULL,'2020-11-17 05:14:12','2021-12-23 19:36:08',1,NULL,NULL,NULL,NULL,0,NULL,2,'2016-12-10 03:00:09','2016-12-10 03:00:09'),(413,'https://theswimzone.com/projects/ut-pharetra-volutpat-metus-id/','63:1161fc93c5cc320436bf553ce4ce650f',1992,'post','projects',1,0,NULL,NULL,'Ut pharetra volutpat metus id.','publish',NULL,0,NULL,NULL,NULL,NULL,NULL,30,0,NULL,0,NULL,NULL,NULL,NULL,'https://theswimzone.com/wp-content/uploads/2020/07/gallery-img-17-1.jpg',NULL,'2154','featured-image',NULL,NULL,'https://theswimzone.com/wp-content/uploads/2020/07/gallery-img-17-1.jpg','2154','featured-image','{\"width\":800,\"height\":638,\"url\":\"https://theswimzone.com/wp-content/uploads/2020/07/gallery-img-17-1.jpg\",\"path\":\"/home/hepphi5/public_html/wp-content/uploads/2020/07/gallery-img-17-1.jpg\",\"size\":\"full\",\"id\":2154,\"alt\":\"\",\"pixels\":510400,\"type\":\"image/jpeg\"}',0,NULL,NULL,'2020-11-17 05:14:12','2021-12-20 13:13:49',1,NULL,NULL,NULL,NULL,0,NULL,2,'2016-12-10 02:52:59','2016-12-10 02:52:59'),(414,'https://theswimzone.com/projects/vestibulum-cursus-sodales-sed/','63:61376f9979acdfc73933e0f7f1c6591d',1994,'post','projects',1,0,NULL,NULL,'Vestibulum cursus sodales sed.','publish',NULL,0,NULL,NULL,NULL,NULL,NULL,30,0,NULL,0,NULL,NULL,NULL,NULL,'https://theswimzone.com/wp-content/uploads/2020/07/gallery-img-16-1.jpg',NULL,'2153','featured-image',NULL,NULL,'https://theswimzone.com/wp-content/uploads/2020/07/gallery-img-16-1.jpg','2153','featured-image','{\"width\":800,\"height\":638,\"url\":\"https://theswimzone.com/wp-content/uploads/2020/07/gallery-img-16-1.jpg\",\"path\":\"/home/hepphi5/public_html/wp-content/uploads/2020/07/gallery-img-16-1.jpg\",\"size\":\"full\",\"id\":2153,\"alt\":\"\",\"pixels\":510400,\"type\":\"image/jpeg\"}',0,NULL,NULL,'2020-11-17 05:14:12','2021-12-25 03:15:32',1,NULL,NULL,NULL,NULL,0,NULL,2,'2016-12-10 02:53:54','2016-12-10 02:53:54'),(415,'https://theswimzone.com/projects/nunc-interdum-leo-volutpat/','60:1b3644071df3f61437eecc8427203c81',1996,'post','projects',1,0,NULL,NULL,'Nunc interdum leo in volutpat.','publish',NULL,0,NULL,NULL,NULL,NULL,NULL,30,0,NULL,0,NULL,NULL,NULL,NULL,'https://theswimzone.com/wp-content/uploads/2020/07/gallery-img-15-3.jpg',NULL,'2152','featured-image',NULL,NULL,'https://theswimzone.com/wp-content/uploads/2020/07/gallery-img-15-3.jpg','2152','featured-image','{\"width\":400,\"height\":638,\"url\":\"https://theswimzone.com/wp-content/uploads/2020/07/gallery-img-15-3.jpg\",\"path\":\"/home/hepphi5/public_html/wp-content/uploads/2020/07/gallery-img-15-3.jpg\",\"size\":\"full\",\"id\":2152,\"alt\":\"\",\"pixels\":255200,\"type\":\"image/jpeg\"}',0,NULL,NULL,'2020-11-17 05:14:12','2021-12-25 03:15:32',1,NULL,NULL,NULL,NULL,0,NULL,2,'2016-12-10 02:56:19','2016-12-10 02:56:19'),(416,'https://theswimzone.com/projects/suspendisse-metus-cras-amet/','61:c4bf2b6c86397fe8c52e596abb368488',1998,'post','projects',1,0,NULL,NULL,'Suspendisse a metus cras amet.','publish',NULL,0,NULL,NULL,NULL,NULL,NULL,30,0,NULL,0,NULL,NULL,NULL,NULL,'https://theswimzone.com/wp-content/uploads/2020/07/gallery-img-14-4.jpg',NULL,'2151','featured-image',NULL,NULL,'https://theswimzone.com/wp-content/uploads/2020/07/gallery-img-14-4.jpg','2151','featured-image','{\"width\":800,\"height\":638,\"url\":\"https://theswimzone.com/wp-content/uploads/2020/07/gallery-img-14-4.jpg\",\"path\":\"/home/hepphi5/public_html/wp-content/uploads/2020/07/gallery-img-14-4.jpg\",\"size\":\"full\",\"id\":2151,\"alt\":\"\",\"pixels\":510400,\"type\":\"image/jpeg\"}',0,NULL,NULL,'2020-11-17 05:14:12','2021-12-19 22:17:02',1,NULL,NULL,NULL,NULL,0,NULL,2,'2016-12-10 02:57:25','2016-12-10 02:57:25'),(417,'https://theswimzone.com/projects/curabitur-magna-dui-sed/','57:edc4bbb0559ab83082fd04bcac7c6cac',2000,'post','projects',1,0,NULL,NULL,'Curabitur a magna dui. In sed.','publish',NULL,0,NULL,NULL,NULL,NULL,NULL,30,0,NULL,0,NULL,NULL,NULL,NULL,'https://theswimzone.com/wp-content/uploads/2020/07/gallery-img-13-3.jpg',NULL,'2150','featured-image',NULL,NULL,'https://theswimzone.com/wp-content/uploads/2020/07/gallery-img-13-3.jpg','2150','featured-image','{\"width\":800,\"height\":638,\"url\":\"https://theswimzone.com/wp-content/uploads/2020/07/gallery-img-13-3.jpg\",\"path\":\"/home/hepphi5/public_html/wp-content/uploads/2020/07/gallery-img-13-3.jpg\",\"size\":\"full\",\"id\":2150,\"alt\":\"\",\"pixels\":510400,\"type\":\"image/jpeg\"}',0,NULL,NULL,'2020-11-17 05:14:12','2021-12-25 03:15:32',1,NULL,NULL,NULL,NULL,0,NULL,2,'2016-12-10 02:58:08','2016-12-10 02:58:08'),(418,'https://theswimzone.com/projects/integer-luctus-sapien-et-sed/','62:717b7c91e905ed407e757a947caaec1f',2085,'post','projects',1,0,NULL,NULL,'Integer luctus, sapien et sed.','publish',NULL,0,NULL,NULL,NULL,NULL,NULL,30,0,NULL,0,NULL,NULL,NULL,NULL,'https://theswimzone.com/wp-content/uploads/2020/07/gallery-img-11-3.jpg',NULL,'2148','featured-image',NULL,NULL,'https://theswimzone.com/wp-content/uploads/2020/07/gallery-img-11-3.jpg','2148','featured-image','{\"width\":400,\"height\":638,\"url\":\"https://theswimzone.com/wp-content/uploads/2020/07/gallery-img-11-3.jpg\",\"path\":\"/home/hepphi5/public_html/wp-content/uploads/2020/07/gallery-img-11-3.jpg\",\"size\":\"full\",\"id\":2148,\"alt\":\"\",\"pixels\":255200,\"type\":\"image/jpeg\"}',0,NULL,NULL,'2020-11-17 05:14:12','2021-12-24 08:27:42',1,NULL,NULL,NULL,NULL,0,NULL,2,'2016-12-18 18:04:38','2016-12-18 18:04:38'),(419,'https://theswimzone.com/projects/aliquam-erat-volutpat-sed/','59:9afbe5740dcb384593b1b45eb7559b1c',2087,'post','projects',1,0,NULL,NULL,'Aliquam erat volutpat. In sed.','publish',NULL,0,NULL,NULL,NULL,NULL,NULL,30,0,NULL,0,NULL,NULL,NULL,NULL,'https://theswimzone.com/wp-content/uploads/2020/07/gallery-img-10-1.jpg',NULL,'2147','featured-image',NULL,NULL,'https://theswimzone.com/wp-content/uploads/2020/07/gallery-img-10-1.jpg','2147','featured-image','{\"width\":800,\"height\":638,\"url\":\"https://theswimzone.com/wp-content/uploads/2020/07/gallery-img-10-1.jpg\",\"path\":\"/home/hepphi5/public_html/wp-content/uploads/2020/07/gallery-img-10-1.jpg\",\"size\":\"full\",\"id\":2147,\"alt\":\"\",\"pixels\":510400,\"type\":\"image/jpeg\"}',0,NULL,NULL,'2020-11-17 05:14:12','2021-12-25 03:15:32',1,NULL,NULL,NULL,NULL,0,NULL,2,'2016-12-18 18:05:15','2016-12-18 18:05:15'),(420,'https://theswimzone.com/projects/aenean-nec-faucibus-leo-amet/','62:f4df3f7e53a2bb9e009955f49e14344a',2089,'post','projects',1,0,NULL,NULL,'Aenean nec faucibus leo! amet.','publish',NULL,0,NULL,NULL,NULL,NULL,NULL,30,0,NULL,0,NULL,NULL,NULL,NULL,'https://theswimzone.com/wp-content/uploads/2020/07/gallery-img-09-1.jpg',NULL,'2146','featured-image',NULL,NULL,'https://theswimzone.com/wp-content/uploads/2020/07/gallery-img-09-1.jpg','2146','featured-image','{\"width\":800,\"height\":638,\"url\":\"https://theswimzone.com/wp-content/uploads/2020/07/gallery-img-09-1.jpg\",\"path\":\"/home/hepphi5/public_html/wp-content/uploads/2020/07/gallery-img-09-1.jpg\",\"size\":\"full\",\"id\":2146,\"alt\":\"\",\"pixels\":510400,\"type\":\"image/jpeg\"}',0,NULL,NULL,'2020-11-17 05:14:12','2021-12-25 03:15:32',1,NULL,NULL,NULL,NULL,0,NULL,2,'2016-12-18 18:06:04','2016-12-18 18:06:04'),(421,'https://theswimzone.com/projects/curabitur-molestie-orci-amet/','62:3c95db6097e19240489f541a35df51d1',2091,'post','projects',1,0,NULL,NULL,'Curabitur molestie, orci amet.','publish',NULL,0,NULL,NULL,NULL,NULL,NULL,30,0,NULL,0,NULL,NULL,NULL,NULL,'https://theswimzone.com/wp-content/uploads/2020/07/gallery-img-08-3.jpg',NULL,'2145','featured-image',NULL,NULL,'https://theswimzone.com/wp-content/uploads/2020/07/gallery-img-08-3.jpg','2145','featured-image','{\"width\":800,\"height\":638,\"url\":\"https://theswimzone.com/wp-content/uploads/2020/07/gallery-img-08-3.jpg\",\"path\":\"/home/hepphi5/public_html/wp-content/uploads/2020/07/gallery-img-08-3.jpg\",\"size\":\"full\",\"id\":2145,\"alt\":\"\",\"pixels\":510400,\"type\":\"image/jpeg\"}',0,NULL,NULL,'2020-11-17 05:14:12','2021-12-25 03:15:32',1,NULL,NULL,NULL,NULL,0,NULL,2,'2016-12-18 18:06:38','2016-12-18 18:06:38'),(422,'https://theswimzone.com/projects/sed-efficitur-est-cras-amet/','61:71fd229eaeabf2acad6df3f294730e61',2093,'post','projects',1,0,NULL,NULL,'Sed efficitur est a cras amet.','publish',NULL,0,NULL,NULL,NULL,NULL,NULL,30,0,NULL,0,NULL,NULL,NULL,NULL,'https://theswimzone.com/wp-content/uploads/2020/07/gallery-img-07-3.jpg',NULL,'2144','featured-image',NULL,NULL,'https://theswimzone.com/wp-content/uploads/2020/07/gallery-img-07-3.jpg','2144','featured-image','{\"width\":400,\"height\":638,\"url\":\"https://theswimzone.com/wp-content/uploads/2020/07/gallery-img-07-3.jpg\",\"path\":\"/home/hepphi5/public_html/wp-content/uploads/2020/07/gallery-img-07-3.jpg\",\"size\":\"full\",\"id\":2144,\"alt\":\"\",\"pixels\":255200,\"type\":\"image/jpeg\"}',0,NULL,NULL,'2020-11-17 05:14:12','2021-12-25 03:15:32',1,NULL,NULL,NULL,NULL,0,NULL,2,'2016-12-18 18:07:46','2016-12-18 18:07:46'),(423,'https://theswimzone.com/projects/viverra-nisl-id-eros-metus/','60:013f71019beb0b1cb50250f32b12a6b4',2095,'post','projects',1,0,NULL,NULL,'In viverra nisl id eros metus.','publish',NULL,0,NULL,NULL,NULL,NULL,NULL,30,0,NULL,0,NULL,NULL,NULL,NULL,'https://theswimzone.com/wp-content/uploads/2020/07/gallery-img-06-3.jpg',NULL,'2143','featured-image',NULL,NULL,'https://theswimzone.com/wp-content/uploads/2020/07/gallery-img-06-3.jpg','2143','featured-image','{\"width\":800,\"height\":638,\"url\":\"https://theswimzone.com/wp-content/uploads/2020/07/gallery-img-06-3.jpg\",\"path\":\"/home/hepphi5/public_html/wp-content/uploads/2020/07/gallery-img-06-3.jpg\",\"size\":\"full\",\"id\":2143,\"alt\":\"\",\"pixels\":510400,\"type\":\"image/jpeg\"}',0,NULL,NULL,'2020-11-17 05:14:12','2021-12-25 03:15:32',1,NULL,NULL,NULL,NULL,0,NULL,2,'2016-12-18 18:08:31','2016-12-18 18:08:31'),(424,'https://theswimzone.com/projects/quisque-id-quam-sapien-nullam/','63:0b8e5d3810be1b966c778fa80755a2df',2097,'post','projects',1,0,NULL,NULL,'Quisque id quam sapien nullam.','publish',NULL,0,NULL,NULL,NULL,NULL,NULL,30,0,NULL,0,NULL,NULL,NULL,NULL,'https://theswimzone.com/wp-content/uploads/2020/07/gallery-img-05-2.jpg',NULL,'2142','featured-image',NULL,NULL,'https://theswimzone.com/wp-content/uploads/2020/07/gallery-img-05-2.jpg','2142','featured-image','{\"width\":803,\"height\":320,\"url\":\"https://theswimzone.com/wp-content/uploads/2020/07/gallery-img-05-2.jpg\",\"path\":\"/home/hepphi5/public_html/wp-content/uploads/2020/07/gallery-img-05-2.jpg\",\"size\":\"full\",\"id\":2142,\"alt\":\"\",\"pixels\":256960,\"type\":\"image/jpeg\"}',0,NULL,NULL,'2020-11-17 05:14:12','2021-12-19 09:06:41',1,NULL,NULL,NULL,NULL,0,NULL,2,'2016-12-18 18:09:03','2016-12-18 18:09:03'),(425,'https://theswimzone.com/projects/sed-pulvinar-volutpat-posuere/','63:2d83cbf1f41035b70fc0529645e330a5',2099,'post','projects',1,0,NULL,NULL,'Sed pulvinar volutpat posuere.','publish',NULL,0,NULL,NULL,NULL,NULL,NULL,30,0,NULL,0,NULL,NULL,NULL,NULL,'https://theswimzone.com/wp-content/uploads/2020/07/gallery-img-04-3.jpg',NULL,'2141','featured-image',NULL,NULL,'https://theswimzone.com/wp-content/uploads/2020/07/gallery-img-04-3.jpg','2141','featured-image','{\"width\":800,\"height\":638,\"url\":\"https://theswimzone.com/wp-content/uploads/2020/07/gallery-img-04-3.jpg\",\"path\":\"/home/hepphi5/public_html/wp-content/uploads/2020/07/gallery-img-04-3.jpg\",\"size\":\"full\",\"id\":2141,\"alt\":\"\",\"pixels\":510400,\"type\":\"image/jpeg\"}',0,NULL,NULL,'2020-11-17 05:14:12','2021-12-24 02:01:09',1,NULL,NULL,NULL,NULL,0,NULL,2,'2016-12-18 18:09:34','2016-12-18 18:09:34'),(426,'https://theswimzone.com/projects/aliquam-vitae-convallis-metus/','63:69047e212bb6f26212becbcf7ef61c31',2101,'post','projects',1,0,NULL,NULL,'Aliquam vitae convallis metus.','publish',NULL,0,NULL,NULL,NULL,NULL,NULL,30,0,NULL,0,NULL,NULL,NULL,NULL,'https://theswimzone.com/wp-content/uploads/2020/07/gallery-img-03-3.jpg',NULL,'2140','featured-image',NULL,NULL,'https://theswimzone.com/wp-content/uploads/2020/07/gallery-img-03-3.jpg','2140','featured-image','{\"width\":800,\"height\":638,\"url\":\"https://theswimzone.com/wp-content/uploads/2020/07/gallery-img-03-3.jpg\",\"path\":\"/home/hepphi5/public_html/wp-content/uploads/2020/07/gallery-img-03-3.jpg\",\"size\":\"full\",\"id\":2140,\"alt\":\"\",\"pixels\":510400,\"type\":\"image/jpeg\"}',0,NULL,NULL,'2020-11-17 05:14:12','2021-12-19 20:35:57',1,NULL,NULL,NULL,NULL,0,NULL,2,'2016-12-18 18:10:04','2016-12-18 18:10:04'),(427,'https://theswimzone.com/projects/etiam-massa-enim-orci-aliquam/','63:53de81131aa8e97258ee7514f9b78006',2103,'post','projects',1,0,NULL,NULL,'Etiam massa enim orci aliquam.','publish',NULL,0,NULL,NULL,NULL,NULL,NULL,30,0,NULL,0,NULL,NULL,NULL,NULL,'https://theswimzone.com/wp-content/uploads/2020/07/gallery-img-02-1.jpg',NULL,'2139','featured-image',NULL,NULL,'https://theswimzone.com/wp-content/uploads/2020/07/gallery-img-02-1.jpg','2139','featured-image','{\"width\":800,\"height\":638,\"url\":\"https://theswimzone.com/wp-content/uploads/2020/07/gallery-img-02-1.jpg\",\"path\":\"/home/hepphi5/public_html/wp-content/uploads/2020/07/gallery-img-02-1.jpg\",\"size\":\"full\",\"id\":2139,\"alt\":\"\",\"pixels\":510400,\"type\":\"image/jpeg\"}',0,NULL,NULL,'2020-11-17 05:14:12','2021-12-20 02:10:26',1,NULL,NULL,NULL,NULL,0,NULL,2,'2016-12-18 18:10:39','2016-12-18 18:10:39'),(428,'https://theswimzone.com/projects/nulla-facilisi-proin-posuere/','62:c5bbfdf040ff20c74abda4eca71e7101',2104,'post','projects',1,0,NULL,NULL,'Nulla facilisi. Proin posuere.','publish',NULL,0,NULL,NULL,NULL,NULL,NULL,30,0,NULL,0,NULL,NULL,NULL,NULL,'https://theswimzone.com/wp-content/uploads/2020/07/gallery-img-01-1.jpg',NULL,'2138','featured-image',NULL,NULL,'https://theswimzone.com/wp-content/uploads/2020/07/gallery-img-01-1.jpg','2138','featured-image','{\"width\":800,\"height\":638,\"url\":\"https://theswimzone.com/wp-content/uploads/2020/07/gallery-img-01-1.jpg\",\"path\":\"/home/hepphi5/public_html/wp-content/uploads/2020/07/gallery-img-01-1.jpg\",\"size\":\"full\",\"id\":2138,\"alt\":\"\",\"pixels\":510400,\"type\":\"image/jpeg\"}',0,NULL,NULL,'2020-11-17 05:14:12','2021-12-25 03:15:32',1,NULL,NULL,NULL,NULL,0,NULL,2,'2016-12-18 18:11:09','2016-12-18 18:11:09'),(429,'https://theswimzone.com/?post_type=wpcf7_contact_form&p=3402','60:f7820e2cacf441afc76534f57704062c',3402,'post','wpcf7_contact_form',1,0,NULL,NULL,'Contact form home Copy','publish',NULL,0,NULL,NULL,NULL,NULL,NULL,0,0,NULL,0,NULL,NULL,NULL,NULL,NULL,NULL,NULL,NULL,NULL,NULL,NULL,NULL,NULL,NULL,0,NULL,NULL,'2020-11-17 05:14:12','2021-12-29 03:41:10',1,NULL,NULL,NULL,NULL,0,NULL,2,'2021-12-28 22:41:10','2016-11-22 07:33:33'),(430,NULL,NULL,3664,'post','wpcf7_contact_form',1,0,NULL,NULL,'Contact form 1','publish',NULL,0,NULL,NULL,NULL,NULL,NULL,0,0,NULL,0,NULL,NULL,NULL,NULL,NULL,NULL,NULL,NULL,NULL,NULL,NULL,NULL,NULL,NULL,0,NULL,NULL,'2020-11-17 05:14:12','2020-12-28 05:03:26',1,NULL,NULL,NULL,NULL,0,NULL,1,NULL,NULL),(431,NULL,NULL,2602,'post','wpcf7_contact_form',1,0,NULL,NULL,'Modal','publish',NULL,0,NULL,NULL,NULL,NULL,NULL,0,0,NULL,0,NULL,NULL,NULL,NULL,NULL,NULL,NULL,NULL,NULL,NULL,NULL,NULL,NULL,NULL,0,NULL,NULL,'2020-11-17 05:14:12','2020-12-28 05:03:26',1,NULL,NULL,NULL,NULL,0,NULL,1,NULL,NULL),(432,'https://theswimzone.com/?post_type=wpcf7_contact_form&p=3043','60:0d8afc8a5a57c4d768ec159ebfab0314',3043,'post','wpcf7_contact_form',1,0,NULL,NULL,'Home Page Contact Form','publish',NULL,0,NULL,NULL,NULL,NULL,NULL,0,0,NULL,0,NULL,NULL,NULL,NULL,NULL,NULL,NULL,NULL,NULL,NULL,NULL,NULL,NULL,NULL,0,NULL,NULL,'2020-11-17 05:14:12','2021-12-29 03:41:38',1,NULL,NULL,NULL,NULL,0,NULL,2,'2021-12-28 22:41:37','2020-04-14 05:06:45'),(433,NULL,NULL,3403,'post','wpcf7_contact_form',1,0,NULL,NULL,'Contact form 1','publish',NULL,0,NULL,NULL,NULL,NULL,NULL,0,0,NULL,0,NULL,NULL,NULL,NULL,NULL,NULL,NULL,NULL,NULL,NULL,NULL,NULL,NULL,NULL,0,NULL,NULL,'2020-11-17 05:14:12','2020-12-28 05:03:26',1,NULL,NULL,NULL,NULL,0,NULL,1,NULL,NULL),(459,'https://theswimzone.com/wp-content/uploads/2020/12/Equipment-Installation-scaled.jpeg','85:883d1291b7937d1cb48e8222995f1c44',3731,'post','attachment',1,0,NULL,NULL,'Equipment Installation','inherit',0,0,0,NULL,NULL,NULL,NULL,0,0,NULL,0,NULL,NULL,NULL,NULL,'https://theswimzone.com/wp-content/uploads/2020/12/Equipment-Installation-scaled.jpeg',NULL,'3731','attachment-image',NULL,NULL,'https://theswimzone.com/wp-content/uploads/2020/12/Equipment-Installation-scaled.jpeg','3731','attachment-image','{\"width\":2560,\"height\":1559,\"url\":\"https://theswimzone.com/wp-content/uploads/2020/12/Equipment-Installation-scaled.jpeg\",\"path\":\"/home/hepphi5/public_html/wp-content/uploads/2020/12/Equipment-Installation-scaled.jpeg\",\"size\":\"full\",\"id\":3731,\"alt\":\"New Pentair Saltwater Pool Filter System\",\"pixels\":3991040,\"type\":\"image/jpeg\"}',0,2,NULL,'2020-12-30 19:40:14','2021-12-27 18:24:29',1,NULL,NULL,NULL,NULL,0,NULL,2,'2020-12-30 19:44:39','2020-12-30 19:40:14'),(458,'https://theswimzone.com/wp-content/uploads/2020/12/Pool-Maintenance-scaled-e1609356734886.jpeg','94:c3944a9fbc7616c55490c33071eb2bc9',3729,'post','attachment',1,2934,NULL,NULL,'Weekly Pool Maintenance','inherit',NULL,0,NULL,NULL,NULL,NULL,NULL,0,0,NULL,0,NULL,NULL,NULL,NULL,'https://theswimzone.com/wp-content/uploads/2020/12/Pool-Maintenance-scaled-e1609356734886.jpeg',NULL,'3729','attachment-image',NULL,NULL,'https://theswimzone.com/wp-content/uploads/2020/12/Pool-Maintenance-scaled-e1609356734886.jpeg','3729','attachment-image','{\"width\":371,\"height\":226,\"url\":\"https://theswimzone.com/wp-content/uploads/2020/12/Pool-Maintenance-scaled-e1609356734886.jpeg\",\"path\":\"/home/hepphi5/public_html/wp-content/uploads/2020/12/Pool-Maintenance-scaled-e1609356734886.jpeg\",\"size\":\"full\",\"id\":3729,\"alt\":\"Pool Spa Waterfall and Chemicals\",\"pixels\":83846,\"type\":\"image/jpeg\"}',0,2,NULL,'2020-12-30 19:30:01','2021-12-27 18:20:53',1,NULL,NULL,NULL,NULL,1,NULL,2,'2021-12-27 18:19:58','2020-12-30 19:30:01'),(452,NULL,NULL,3688,'post','elementor_library',1,0,NULL,NULL,'Elementor Single Page #3688','draft',0,0,NULL,NULL,NULL,NULL,NULL,0,0,NULL,0,NULL,NULL,NULL,NULL,NULL,NULL,NULL,NULL,NULL,NULL,NULL,NULL,NULL,NULL,0,NULL,NULL,'2020-12-26 22:46:03','2020-12-28 05:03:26',1,NULL,NULL,NULL,NULL,0,NULL,1,NULL,NULL),(454,'https://theswimzone.com/?page_id=3704','37:b2de3e10defa448ae80b309a13f6d223',3704,'post','page',1,0,NULL,NULL,'Elementor #3704','draft',0,0,NULL,NULL,NULL,NULL,NULL,0,0,NULL,0,NULL,NULL,NULL,NULL,NULL,NULL,NULL,NULL,NULL,NULL,NULL,NULL,NULL,NULL,0,NULL,NULL,'2020-12-28 17:20:47','2021-12-19 01:23:01',1,NULL,NULL,NULL,NULL,0,NULL,2,'2020-12-28 17:21:24','0000-00-00 00:00:00'),(443,'https://theswimzone.com/wp-content/uploads/2020/11/Swim-Zone-Logo-Vector-Hi-Res-2.png','85:a9d988f6238a510b95080f13439a7651',3674,'post','attachment',1,0,NULL,NULL,'Swim Zone Logo-Vector Hi-Res #2','inherit',0,0,0,NULL,NULL,NULL,NULL,0,0,NULL,0,NULL,NULL,NULL,NULL,'https://theswimzone.com/wp-content/uploads/2020/11/Swim-Zone-Logo-Vector-Hi-Res-2.png',NULL,'3674','attachment-image',NULL,NULL,'https://theswimzone.com/wp-content/uploads/2020/11/Swim-Zone-Logo-Vector-Hi-Res-2.png','3674','attachment-image','{\"width\":6668,\"height\":4884,\"url\":\"https://theswimzone.com/wp-content/uploads/2020/11/Swim-Zone-Logo-Vector-Hi-Res-2.png\",\"path\":\"/home/hepphi5/public_html/wp-content/uploads/2020/11/Swim-Zone-Logo-Vector-Hi-Res-2.png\",\"size\":\"full\",\"id\":3674,\"alt\":\"\",\"pixels\":32566512,\"type\":\"image/png\"}',0,NULL,NULL,'2020-11-20 21:17:31','2021-12-25 03:14:06',1,NULL,NULL,NULL,NULL,0,NULL,2,'2020-11-20 21:17:31','2020-11-20 21:17:31'),(449,'https://theswimzone.com/wp-content/uploads/2020/11/Tommy-1-e1609178268419.jpeg','78:7bdb1f6e5dcd9571e4eb8be17726d564',3681,'post','attachment',1,2934,NULL,NULL,'slide1','inherit',NULL,0,NULL,NULL,NULL,NULL,NULL,0,0,NULL,0,NULL,NULL,NULL,NULL,'https://theswimzone.com/wp-content/uploads/2020/11/Tommy-1-e1609178268419.jpeg',NULL,'3681','attachment-image',NULL,NULL,'https://theswimzone.com/wp-content/uploads/2020/11/Tommy-1-e1609178268419.jpeg','3681','attachment-image','{\"width\":1920,\"height\":786,\"url\":\"https://theswimzone.com/wp-content/uploads/2020/11/Tommy-1-e1609178268419.jpeg\",\"path\":\"/home/hepphi5/public_html/wp-content/uploads/2020/11/Tommy-1-e1609178268419.jpeg\",\"size\":\"full\",\"id\":3681,\"alt\":\"\",\"pixels\":1509120,\"type\":\"image/jpeg\"}',0,2,NULL,'2020-11-27 04:19:56','2021-12-18 23:35:18',1,NULL,NULL,NULL,NULL,1,NULL,2,'2020-12-28 17:19:04','2020-11-27 04:19:56'),(442,'https://theswimzone.com/wp-content/uploads/2020/11/Artboard-1.png','65:284b7cf1a27e3c87a9960397ee728932',3673,'post','attachment',1,0,NULL,NULL,'Artboard 1','inherit',0,0,0,NULL,NULL,NULL,NULL,0,0,NULL,0,NULL,NULL,NULL,NULL,'https://theswimzone.com/wp-content/uploads/2020/11/Artboard-1.png',NULL,'3673','attachment-image',NULL,NULL,'https://theswimzone.com/wp-content/uploads/2020/11/Artboard-1.png','3673','attachment-image','{\"width\":1800,\"height\":1800,\"url\":\"https://theswimzone.com/wp-content/uploads/2020/11/Artboard-1.png\",\"path\":\"/home/hepphi5/public_html/wp-content/uploads/2020/11/Artboard-1.png\",\"size\":\"full\",\"id\":3673,\"alt\":\"\",\"pixels\":3240000,\"type\":\"image/png\"}',0,1,NULL,'2020-11-20 21:16:56','2021-12-23 01:10:19',1,NULL,NULL,NULL,NULL,0,NULL,2,'2020-11-20 21:16:56','2020-11-20 21:16:56'),(448,'https://theswimzone.com/wp-content/uploads/2020/11/Tommy-scaled.jpeg','68:0f76c96845bd0f0dc2c3877aad0cd119',3680,'post','attachment',1,2934,NULL,NULL,'Tommy','inherit',NULL,0,NULL,NULL,NULL,NULL,NULL,0,0,NULL,0,NULL,NULL,NULL,NULL,'https://theswimzone.com/wp-content/uploads/2020/11/Tommy-scaled.jpeg',NULL,'3680','attachment-image',NULL,NULL,'https://theswimzone.com/wp-content/uploads/2020/11/Tommy-scaled.jpeg','3680','attachment-image','{\"width\":2560,\"height\":1920,\"url\":\"https://theswimzone.com/wp-content/uploads/2020/11/Tommy-scaled.jpeg\",\"path\":\"/home/hepphi5/public_html/wp-content/uploads/2020/11/Tommy-scaled.jpeg\",\"size\":\"full\",\"id\":3680,\"alt\":\"\",\"pixels\":4915200,\"type\":\"image/jpeg\"}',0,NULL,NULL,'2020-11-27 04:17:47','2021-12-25 03:14:06',1,NULL,NULL,NULL,NULL,1,NULL,2,'2020-11-27 04:17:47','2020-11-27 04:17:47'),(447,NULL,NULL,3678,'post','oembed_cache',1,0,NULL,NULL,'','publish',NULL,0,NULL,NULL,NULL,NULL,NULL,0,0,NULL,0,NULL,NULL,NULL,NULL,NULL,NULL,NULL,NULL,NULL,NULL,NULL,NULL,NULL,NULL,0,NULL,NULL,'2020-11-27 03:45:52','2020-12-28 05:03:26',1,NULL,NULL,NULL,NULL,0,NULL,1,NULL,NULL),(455,'https://theswimzone.com/wp-content/uploads/2020/12/Kinnelon-Pool-e1609179381525.jpg','83:8bd6171c848b949d71ab6796bd964634',3710,'post','attachment',1,2934,NULL,NULL,'Kinnelon Pool','inherit',NULL,0,NULL,NULL,NULL,NULL,NULL,0,0,NULL,0,NULL,NULL,NULL,NULL,'https://theswimzone.com/wp-content/uploads/2020/12/Kinnelon-Pool-e1609179381525.jpg',NULL,'3710','attachment-image',NULL,NULL,'https://theswimzone.com/wp-content/uploads/2020/12/Kinnelon-Pool-e1609179381525.jpg','3710','attachment-image','{\"width\":1920,\"height\":783,\"url\":\"https://theswimzone.com/wp-content/uploads/2020/12/Kinnelon-Pool-e1609179381525.jpg\",\"path\":\"/home/hepphi5/public_html/wp-content/uploads/2020/12/Kinnelon-Pool-e1609179381525.jpg\",\"size\":\"full\",\"id\":3710,\"alt\":\"Gunite construction pool with waterfall and water slide.\",\"pixels\":1503360,\"type\":\"image/jpeg\"}',0,2,NULL,'2020-12-28 18:10:43','2021-12-25 03:14:06',1,NULL,NULL,NULL,NULL,1,NULL,2,'2020-12-28 18:16:35','2020-12-28 18:10:43'),(453,NULL,NULL,3698,'post','elementor_library',1,0,NULL,NULL,'Home Page','publish',NULL,0,NULL,NULL,NULL,NULL,NULL,0,0,NULL,0,NULL,NULL,NULL,NULL,'http://theswimzone.com/wp-content/uploads/2020/07/slide2-1.jpg',NULL,NULL,'first-content-image',NULL,NULL,'http://theswimzone.com/wp-content/uploads/2020/07/slide2-1.jpg',NULL,'first-content-image',NULL,22,NULL,NULL,'2020-12-26 23:22:59','2020-12-29 05:17:55',1,NULL,NULL,NULL,NULL,0,NULL,1,NULL,NULL),(438,'https://theswimzone.com/wp-content/uploads/2020/11/Site-Logo-e1605907351907.png','79:058fdce0573384ee24b602a4a0d69754',3669,'post','attachment',1,0,NULL,NULL,'Header Logo','inherit',0,0,0,NULL,NULL,NULL,NULL,0,0,NULL,0,NULL,NULL,NULL,NULL,'https://theswimzone.com/wp-content/uploads/2020/11/Site-Logo-e1605907351907.png',NULL,'3669','attachment-image',NULL,NULL,'https://theswimzone.com/wp-content/uploads/2020/11/Site-Logo-e1605907351907.png','3669','attachment-image','{\"width\":400,\"height\":279,\"url\":\"https://theswimzone.com/wp-content/uploads/2020/11/Site-Logo-e1605907351907.png\",\"path\":\"/home/hepphi5/public_html/wp-content/uploads/2020/11/Site-Logo-e1605907351907.png\",\"size\":\"full\",\"id\":3669,\"alt\":\"The Swim Zone Logo\",\"pixels\":111600,\"type\":\"image/png\"}',0,NULL,NULL,'2020-11-17 18:35:31','2021-12-25 03:14:06',1,NULL,NULL,NULL,NULL,0,NULL,2,'2021-01-02 18:14:17','2020-11-17 18:35:31'),(440,NULL,NULL,3671,'post','oembed_cache',1,0,NULL,NULL,'','publish',NULL,0,NULL,NULL,NULL,NULL,NULL,0,0,NULL,0,NULL,NULL,NULL,NULL,NULL,NULL,NULL,NULL,NULL,NULL,NULL,NULL,NULL,NULL,0,NULL,NULL,'2020-11-17 18:45:04','2020-12-28 05:03:26',1,NULL,NULL,NULL,NULL,0,NULL,1,NULL,NULL),(464,'https://theswimzone.com/?page_id=3777','37:cb1718a49b979bb3db9361055f9a2d97',3777,'post','page',1,0,NULL,NULL,'Refund and Returns Policy','draft',0,0,NULL,NULL,NULL,NULL,NULL,0,0,NULL,0,NULL,NULL,NULL,NULL,NULL,NULL,NULL,NULL,NULL,NULL,NULL,NULL,NULL,NULL,NULL,NULL,NULL,'2021-12-18 18:52:28','2021-12-18 23:52:28',1,NULL,NULL,NULL,NULL,0,NULL,2,'0000-00-00 00:00:00','0000-00-00 00:00:00'),(465,'https://theswimzone.com/?post_type=flamingo_contact&p=3795','58:12e2673a1a0a7e17ecb74d49649633ba',3795,'post','flamingo_contact',0,0,NULL,NULL,'jon@theswimzone.com','publish',NULL,0,NULL,NULL,NULL,NULL,NULL,0,0,NULL,0,NULL,NULL,NULL,NULL,NULL,NULL,NULL,NULL,NULL,NULL,NULL,NULL,NULL,NULL,0,NULL,NULL,'2021-12-18 21:17:23','2021-12-29 02:48:46',1,NULL,NULL,NULL,NULL,0,NULL,2,'2021-12-28 21:48:46','2021-12-28 21:48:46'),(466,'https://theswimzone.com/?p=3796','31:9ec68379bddf299e006e52649b9d6362',3796,'post','flamingo_contact',1,0,NULL,NULL,'wapuu@wordpress.example','publish',NULL,0,NULL,NULL,NULL,NULL,NULL,0,0,NULL,0,NULL,NULL,NULL,NULL,NULL,NULL,NULL,NULL,NULL,NULL,NULL,NULL,NULL,NULL,0,NULL,NULL,'2021-12-18 21:17:24','2021-12-19 02:17:24',1,NULL,NULL,NULL,NULL,0,NULL,2,'2021-12-18 21:17:24','2021-12-18 21:17:24'),(467,'https://theswimzone.com/author/','31:b05a5ad82ec34cb0a71b4b16bee90dab',0,'user',NULL,NULL,NULL,NULL,NULL,NULL,NULL,NULL,0,0,NULL,NULL,NULL,NULL,NULL,0,0,NULL,NULL,NULL,NULL,NULL,'https://secure.gravatar.com/avatar/?s=500&d=mm&r=g',NULL,NULL,'gravatar-image',NULL,NULL,'https://secure.gravatar.com/avatar/?s=500&d=mm&r=g',NULL,'gravatar-image',NULL,NULL,NULL,NULL,'2021-12-18 21:18:33','2022-01-06 00:12:33',1,NULL,NULL,NULL,NULL,0,NULL,2,'2022-01-05 19:12:32','2021-12-18 21:18:33'),(468,'https://theswimzone.com/?post_type=flamingo_inbound&p=3797','58:0da11ebb6c4a915775151bb3fd23bc03',3797,'post','flamingo_inbound',0,0,NULL,NULL,'[your-subject]','publish',NULL,0,NULL,NULL,NULL,NULL,NULL,0,0,NULL,0,NULL,NULL,NULL,NULL,NULL,NULL,NULL,NULL,NULL,NULL,NULL,NULL,NULL,NULL,0,NULL,NULL,'2021-12-18 21:18:34','2021-12-19 02:18:34',1,NULL,NULL,NULL,NULL,0,NULL,2,'2021-12-18 21:18:33','2021-12-18 21:18:33'),(469,'https://theswimzone.com/?post_type=flamingo_contact&p=3798','58:d4d77cb535e09690b19607d6521135bf',3798,'post','flamingo_contact',1,0,NULL,NULL,'jonathan.hilaire@icloud.com','publish',NULL,0,NULL,NULL,NULL,NULL,NULL,0,0,NULL,0,NULL,NULL,NULL,NULL,NULL,NULL,NULL,NULL,NULL,NULL,NULL,NULL,NULL,NULL,0,NULL,NULL,'2021-12-18 21:33:36','2022-01-02 00:22:00',1,NULL,NULL,NULL,NULL,0,NULL,2,'2022-01-01 19:22:00','2022-01-01 19:22:00'),(470,'https://theswimzone.com/?post_type=flamingo_inbound&p=3799','58:ff4512ad88b4368948e4ce6823932c67',3799,'post','flamingo_inbound',0,0,NULL,NULL,'[your-subject]','publish',NULL,0,NULL,NULL,NULL,NULL,NULL,0,0,NULL,0,NULL,NULL,NULL,NULL,NULL,NULL,NULL,NULL,NULL,NULL,NULL,NULL,NULL,NULL,0,NULL,NULL,'2021-12-18 21:33:36','2021-12-19 02:33:36',1,NULL,NULL,NULL,NULL,0,NULL,2,'2021-12-18 21:33:35','2021-12-18 21:33:35'),(471,'https://theswimzone.com/?post_type=flamingo_contact&p=3800','58:e25f06ace3b2010fd16f11726f402171',3800,'post','flamingo_contact',0,0,NULL,NULL,'o22nt1of@icloud.com','publish',NULL,0,NULL,NULL,NULL,NULL,NULL,0,0,NULL,0,NULL,NULL,NULL,NULL,NULL,NULL,NULL,NULL,NULL,NULL,NULL,NULL,NULL,NULL,0,NULL,NULL,'2021-12-19 05:42:55','2021-12-19 10:42:55',1,NULL,NULL,NULL,NULL,0,NULL,2,'2021-12-19 05:42:55','2021-12-19 05:42:55'),(472,'https://theswimzone.com/?post_type=flamingo_inbound&p=3801','58:f087826914ab159564869ced89b4e967',3801,'post','flamingo_inbound',0,0,NULL,NULL,'[your-subject]','publish',NULL,0,NULL,NULL,NULL,NULL,NULL,0,0,NULL,0,NULL,NULL,NULL,NULL,NULL,NULL,NULL,NULL,NULL,NULL,NULL,NULL,NULL,NULL,0,NULL,NULL,'2021-12-19 05:42:55','2021-12-19 10:42:55',1,NULL,NULL,NULL,NULL,0,NULL,2,'2021-12-19 05:42:55','2021-12-19 05:42:55'),(473,'https://theswimzone.com/?post_type=flamingo_contact&p=3802','58:0715136cebb6f9f3d6cdd3b5d51e6a67',3802,'post','flamingo_contact',0,0,NULL,NULL,'gio.cca@libero.it','publish',NULL,0,NULL,NULL,NULL,NULL,NULL,0,0,NULL,0,NULL,NULL,NULL,NULL,NULL,NULL,NULL,NULL,NULL,NULL,NULL,NULL,NULL,NULL,0,NULL,NULL,'2021-12-19 14:37:47','2021-12-19 19:37:47',1,NULL,NULL,NULL,NULL,0,NULL,2,'2021-12-19 14:37:47','2021-12-19 14:37:47'),(474,'https://theswimzone.com/?post_type=flamingo_inbound&p=3803','58:3f7d557070e6e1799c6c756cf8dad057',3803,'post','flamingo_inbound',0,0,NULL,NULL,'[your-subject]','publish',NULL,0,NULL,NULL,NULL,NULL,NULL,0,0,NULL,0,NULL,NULL,NULL,NULL,NULL,NULL,NULL,NULL,NULL,NULL,NULL,NULL,NULL,NULL,0,NULL,NULL,'2021-12-19 14:37:47','2021-12-19 19:37:47',1,NULL,NULL,NULL,NULL,0,NULL,2,'2021-12-19 14:37:46','2021-12-19 14:37:46'),(523,'https://theswimzone.com/wp-content/uploads/2017/05/Residential-Pool-Maintenance.jpg','83:e912322639cb3528eee17afd0f15c522',4042,'post','attachment',1,2540,NULL,NULL,'Residential Pool Maintenance','inherit',NULL,0,NULL,NULL,NULL,NULL,NULL,0,0,NULL,0,NULL,NULL,NULL,NULL,'https://theswimzone.com/wp-content/uploads/2017/05/Residential-Pool-Maintenance.jpg',NULL,'4042','attachment-image',NULL,NULL,'https://theswimzone.com/wp-content/uploads/2017/05/Residential-Pool-Maintenance.jpg','4042','attachment-image','{\"width\":998,\"height\":608,\"url\":\"https://theswimzone.com/wp-content/uploads/2017/05/Residential-Pool-Maintenance.jpg\",\"path\":\"/home/hepphi5/public_html/wp-content/uploads/2017/05/Residential-Pool-Maintenance.jpg\",\"size\":\"full\",\"id\":4042,\"alt\":\"Pool Maintenance\",\"pixels\":606784,\"type\":\"image/jpeg\"}',NULL,NULL,NULL,'2021-12-27 18:54:26','2021-12-27 23:55:00',1,NULL,NULL,NULL,NULL,1,NULL,2,'2021-12-27 18:55:00','2021-12-27 18:54:26'),(475,'https://theswimzone.com/?p=3840','31:019a440814cef006ee22b7930ad78f18',3840,'post','customize_changeset',1,0,NULL,NULL,'','trash',0,0,NULL,NULL,NULL,NULL,NULL,0,0,NULL,0,NULL,NULL,NULL,NULL,NULL,NULL,NULL,NULL,NULL,NULL,NULL,NULL,NULL,NULL,NULL,NULL,NULL,'2021-12-19 21:21:26','2021-12-20 02:21:26',1,NULL,NULL,NULL,NULL,0,NULL,2,'2021-12-19 21:21:25','2021-12-19 21:21:25'),(476,'https://theswimzone.com/?post_type=flamingo_contact&p=3841','58:d8052870a0c777a2fd5b845f71875253',3841,'post','flamingo_contact',0,0,NULL,NULL,'boykinjennifer@att.net','publish',NULL,0,NULL,NULL,NULL,NULL,NULL,0,0,NULL,0,NULL,NULL,NULL,NULL,NULL,NULL,NULL,NULL,NULL,NULL,NULL,NULL,NULL,NULL,0,NULL,NULL,'2021-12-20 02:31:06','2021-12-20 07:31:06',1,NULL,NULL,NULL,NULL,0,NULL,2,'2021-12-20 02:31:06','2021-12-20 02:31:06'),(477,'https://theswimzone.com/?post_type=flamingo_inbound&p=3842','58:f66c3f74349aa6370a96277741a3a9c0',3842,'post','flamingo_inbound',0,0,NULL,NULL,'[your-subject]','publish',NULL,0,NULL,NULL,NULL,NULL,NULL,0,0,NULL,0,NULL,NULL,NULL,NULL,NULL,NULL,NULL,NULL,NULL,NULL,NULL,NULL,NULL,NULL,0,NULL,NULL,'2021-12-20 02:31:06','2021-12-20 07:31:06',1,NULL,NULL,NULL,NULL,0,NULL,2,'2021-12-20 02:31:05','2021-12-20 02:31:05'),(478,'https://theswimzone.com/?post_type=flamingo_inbound&p=3843','58:5d0099373dff857a85cedda163945ba5',3843,'post','flamingo_inbound',0,0,NULL,NULL,'[your-subject]','publish',NULL,0,NULL,NULL,NULL,NULL,NULL,0,0,NULL,0,NULL,NULL,NULL,NULL,NULL,NULL,NULL,NULL,NULL,NULL,NULL,NULL,NULL,NULL,0,NULL,NULL,'2021-12-20 11:35:24','2021-12-20 16:35:24',1,NULL,NULL,NULL,NULL,0,NULL,2,'2021-12-20 11:35:24','2021-12-20 11:35:24'),(479,'https://theswimzone.com/2021/12/27/weekly-pool-maintenance/','59:9a4c6ef5f3a9738505add9e6fd024f7a',3844,'post','nav_menu_item',1,0,NULL,NULL,'Weekly Pool Maintenance','publish',NULL,0,NULL,NULL,NULL,NULL,NULL,0,0,NULL,0,NULL,NULL,NULL,NULL,NULL,NULL,NULL,NULL,NULL,NULL,NULL,NULL,NULL,NULL,0,NULL,NULL,'2021-12-20 19:31:38','2021-12-28 00:57:09',1,NULL,NULL,NULL,NULL,0,NULL,2,'2021-12-27 19:57:09','2021-12-20 19:32:03'),(480,'https://theswimzone.com/?post_type=flamingo_contact&p=3850','58:ac7ac8ff34c5d841718f9c21ccc711b5',3850,'post','flamingo_contact',0,0,NULL,NULL,'HildaSutton982@gmail.com','publish',NULL,0,NULL,NULL,NULL,NULL,NULL,0,0,NULL,0,NULL,NULL,NULL,NULL,NULL,NULL,NULL,NULL,NULL,NULL,NULL,NULL,NULL,NULL,0,NULL,NULL,'2021-12-21 05:28:41','2021-12-21 10:28:41',1,NULL,NULL,NULL,NULL,0,NULL,2,'2021-12-21 05:28:41','2021-12-21 05:28:41'),(481,'https://theswimzone.com/?post_type=flamingo_inbound&p=3851','58:ee2516a20b0c3083c16e91bcb04ed788',3851,'post','flamingo_inbound',0,0,NULL,NULL,'[your-subject]','publish',NULL,0,NULL,NULL,NULL,NULL,NULL,0,0,NULL,0,NULL,NULL,NULL,NULL,NULL,NULL,NULL,NULL,NULL,NULL,NULL,NULL,NULL,NULL,0,NULL,NULL,'2021-12-21 05:28:41','2021-12-21 10:28:41',1,NULL,NULL,NULL,NULL,0,NULL,2,'2021-12-21 05:28:40','2021-12-21 05:28:40'),(482,'https://theswimzone.com/?post_type=flamingo_contact&p=3852','58:1a3d6612e119f725c3473aca7d6cf9ba',3852,'post','flamingo_contact',0,0,NULL,NULL,'wr508dcc@yahoo.com','publish',NULL,0,NULL,NULL,NULL,NULL,NULL,0,0,NULL,0,NULL,NULL,NULL,NULL,NULL,NULL,NULL,NULL,NULL,NULL,NULL,NULL,NULL,NULL,0,NULL,NULL,'2021-12-21 13:47:58','2021-12-21 18:47:58',1,NULL,NULL,NULL,NULL,0,NULL,2,'2021-12-21 13:47:58','2021-12-21 13:47:58'),(483,'https://theswimzone.com/?post_type=flamingo_inbound&p=3853','58:a2d0d8d975e360ba75c498645200d55b',3853,'post','flamingo_inbound',0,0,NULL,NULL,'[your-subject]','publish',NULL,0,NULL,NULL,NULL,NULL,NULL,0,0,NULL,0,NULL,NULL,NULL,NULL,NULL,NULL,NULL,NULL,NULL,NULL,NULL,NULL,NULL,NULL,0,NULL,NULL,'2021-12-21 13:47:59','2021-12-21 18:47:59',1,NULL,NULL,NULL,NULL,0,NULL,2,'2021-12-21 13:47:58','2021-12-21 13:47:58'),(484,'https://theswimzone.com/?post_type=flamingo_contact&p=3854','58:cdb7f36fda617942e545265d9406f801',3854,'post','flamingo_contact',0,0,NULL,NULL,'lennartreissner@freenet.de','publish',NULL,0,NULL,NULL,NULL,NULL,NULL,0,0,NULL,0,NULL,NULL,NULL,NULL,NULL,NULL,NULL,NULL,NULL,NULL,NULL,NULL,NULL,NULL,0,NULL,NULL,'2021-12-21 14:39:41','2021-12-21 19:39:41',1,NULL,NULL,NULL,NULL,0,NULL,2,'2021-12-21 14:39:41','2021-12-21 14:39:41'),(485,'https://theswimzone.com/?post_type=flamingo_inbound&p=3855','58:af81e085ca1ab5df6f14117490560a54',3855,'post','flamingo_inbound',0,0,NULL,NULL,'[your-subject]','publish',NULL,0,NULL,NULL,NULL,NULL,NULL,0,0,NULL,0,NULL,NULL,NULL,NULL,NULL,NULL,NULL,NULL,NULL,NULL,NULL,NULL,NULL,NULL,0,NULL,NULL,'2021-12-21 14:39:41','2021-12-21 19:39:41',1,NULL,NULL,NULL,NULL,0,NULL,2,'2021-12-21 14:39:40','2021-12-21 14:39:40'),(486,'https://theswimzone.com/?post_type=flamingo_contact&p=3856','58:ab52e69cf249b3e77a248e7c8b15182c',3856,'post','flamingo_contact',0,0,NULL,NULL,'jlcgseyz@hotmail.com','publish',NULL,0,NULL,NULL,NULL,NULL,NULL,0,0,NULL,0,NULL,NULL,NULL,NULL,NULL,NULL,NULL,NULL,NULL,NULL,NULL,NULL,NULL,NULL,0,NULL,NULL,'2021-12-21 14:42:04','2021-12-21 19:42:04',1,NULL,NULL,NULL,NULL,0,NULL,2,'2021-12-21 14:42:04','2021-12-21 14:42:04'),(487,'https://theswimzone.com/?post_type=flamingo_inbound&p=3857','58:d88d371d5b697f5c1cb4849408b062c0',3857,'post','flamingo_inbound',0,0,NULL,NULL,'[your-subject]','publish',NULL,0,NULL,NULL,NULL,NULL,NULL,0,0,NULL,0,NULL,NULL,NULL,NULL,NULL,NULL,NULL,NULL,NULL,NULL,NULL,NULL,NULL,NULL,0,NULL,NULL,'2021-12-21 14:42:04','2021-12-21 19:42:04',1,NULL,NULL,NULL,NULL,0,NULL,2,'2021-12-21 14:42:04','2021-12-21 14:42:04'),(488,'https://theswimzone.com/?post_type=flamingo_contact&p=3858','58:78b9b4f22525e02878585c295f41eafb',3858,'post','flamingo_contact',0,0,NULL,NULL,'d4fshuvw@yahoo.com','publish',NULL,0,NULL,NULL,NULL,NULL,NULL,0,0,NULL,0,NULL,NULL,NULL,NULL,NULL,NULL,NULL,NULL,NULL,NULL,NULL,NULL,NULL,NULL,0,NULL,NULL,'2021-12-21 16:07:30','2021-12-21 21:07:30',1,NULL,NULL,NULL,NULL,0,NULL,2,'2021-12-21 16:07:30','2021-12-21 16:07:30'),(489,'https://theswimzone.com/?post_type=flamingo_inbound&p=3859','58:69dde4497e6988adbe3091cfac59a030',3859,'post','flamingo_inbound',0,0,NULL,NULL,'[your-subject]','publish',NULL,0,NULL,NULL,NULL,NULL,NULL,0,0,NULL,0,NULL,NULL,NULL,NULL,NULL,NULL,NULL,NULL,NULL,NULL,NULL,NULL,NULL,NULL,0,NULL,NULL,'2021-12-21 16:07:30','2021-12-21 21:07:30',1,NULL,NULL,NULL,NULL,0,NULL,2,'2021-12-21 16:07:29','2021-12-21 16:07:29'),(490,'https://theswimzone.com/wp-content/uploads/2021/12/In-Store-Water-Testing-Lab.jpg','81:937cf16aa744f4e863fe5af6f1f2cc56',3860,'post','attachment',1,2,NULL,NULL,'In Store Water Testing Lab','inherit',NULL,0,NULL,NULL,NULL,NULL,NULL,0,0,NULL,0,NULL,NULL,NULL,NULL,'https://theswimzone.com/wp-content/uploads/2021/12/In-Store-Water-Testing-Lab.jpg',NULL,'3860','attachment-image',NULL,NULL,'https://theswimzone.com/wp-content/uploads/2021/12/In-Store-Water-Testing-Lab.jpg','3860','attachment-image','{\"width\":1024,\"height\":367,\"url\":\"https://theswimzone.com/wp-content/uploads/2021/12/In-Store-Water-Testing-Lab.jpg\",\"path\":\"/home/hepphi5/public_html/wp-content/uploads/2021/12/In-Store-Water-Testing-Lab.jpg\",\"size\":\"full\",\"id\":3860,\"alt\":\"In Store Water Testing Lab\",\"pixels\":375808,\"type\":\"image/jpeg\"}',NULL,NULL,NULL,'2021-12-22 19:55:37','2021-12-23 01:11:20',1,NULL,NULL,NULL,NULL,1,NULL,2,'2021-12-22 19:56:54','2021-12-22 19:55:37'),(491,'https://theswimzone.com/2021/12/27/our-retail-store/','52:3d552064fe5c8cc414e36bf5ac5088f9',3895,'post','nav_menu_item',1,0,NULL,NULL,'Retail Store','publish',NULL,0,NULL,NULL,NULL,NULL,NULL,0,0,NULL,0,NULL,NULL,NULL,NULL,NULL,NULL,NULL,NULL,NULL,NULL,NULL,NULL,NULL,NULL,0,NULL,NULL,'2021-12-22 20:42:45','2021-12-28 00:57:08',1,NULL,NULL,NULL,NULL,0,NULL,2,'2021-12-27 19:57:08','2021-12-22 20:43:22'),(492,'https://theswimzone.com/?post_type=flamingo_inbound&p=3897','58:f03cbd17f3e132a8a48da8e51ee0ccbc',3897,'post','flamingo_inbound',0,0,NULL,NULL,'[your-subject]','publish',NULL,0,NULL,NULL,NULL,NULL,NULL,0,0,NULL,0,NULL,NULL,NULL,NULL,NULL,NULL,NULL,NULL,NULL,NULL,NULL,NULL,NULL,NULL,0,NULL,NULL,'2021-12-22 21:42:08','2021-12-23 02:42:08',1,NULL,NULL,NULL,NULL,0,NULL,2,'2021-12-22 21:42:07','2021-12-22 21:42:07'),(493,'https://theswimzone.com/?post_type=flamingo_inbound&p=3911','58:fa9b905512207b503d81790ec7363b13',3911,'post','flamingo_inbound',0,0,NULL,NULL,'[your-subject]','publish',NULL,0,NULL,NULL,NULL,NULL,NULL,0,0,NULL,0,NULL,NULL,NULL,NULL,NULL,NULL,NULL,NULL,NULL,NULL,NULL,NULL,NULL,NULL,2,NULL,NULL,'2021-12-23 06:59:03','2021-12-23 11:59:03',1,NULL,NULL,NULL,NULL,0,NULL,2,'2021-12-23 06:59:03','2021-12-23 06:59:03'),(494,'https://theswimzone.com/?post_type=flamingo_contact&p=3912','58:94a55415c909cc48fecac47f970e08b4',3912,'post','flamingo_contact',0,0,NULL,NULL,'marku@westianet.net','publish',NULL,0,NULL,NULL,NULL,NULL,NULL,0,0,NULL,0,NULL,NULL,NULL,NULL,NULL,NULL,NULL,NULL,NULL,NULL,NULL,NULL,NULL,NULL,0,NULL,NULL,'2021-12-23 09:43:30','2021-12-23 14:43:30',1,NULL,NULL,NULL,NULL,0,NULL,2,'2021-12-23 09:43:30','2021-12-23 09:43:30'),(495,'https://theswimzone.com/?post_type=flamingo_inbound&p=3913','58:7c172537b30a59e67fd6c0bc9e4831a4',3913,'post','flamingo_inbound',0,0,NULL,NULL,'[your-subject]','publish',NULL,0,NULL,NULL,NULL,NULL,NULL,0,0,NULL,0,NULL,NULL,NULL,NULL,NULL,NULL,NULL,NULL,NULL,NULL,NULL,NULL,NULL,NULL,0,NULL,NULL,'2021-12-23 09:43:30','2021-12-23 14:43:30',1,NULL,NULL,NULL,NULL,0,NULL,2,'2021-12-23 09:43:30','2021-12-23 09:43:30'),(496,'https://theswimzone.com/?post_type=flamingo_contact&p=3914','58:d6216be77f9ffee65718ca5936d24990',3914,'post','flamingo_contact',0,0,NULL,NULL,'borogoat@yahoo.co.uk','publish',NULL,0,NULL,NULL,NULL,NULL,NULL,0,0,NULL,0,NULL,NULL,NULL,NULL,NULL,NULL,NULL,NULL,NULL,NULL,NULL,NULL,NULL,NULL,0,NULL,NULL,'2021-12-23 16:23:17','2021-12-23 21:23:18',1,NULL,NULL,NULL,NULL,0,NULL,2,'2021-12-23 16:23:17','2021-12-23 16:23:17'),(497,'https://theswimzone.com/?post_type=flamingo_inbound&p=3915','58:456516ab4a8f44bc4571885274db8c19',3915,'post','flamingo_inbound',0,0,NULL,NULL,'[your-subject]','publish',NULL,0,NULL,NULL,NULL,NULL,NULL,0,0,NULL,0,NULL,NULL,NULL,NULL,NULL,NULL,NULL,NULL,NULL,NULL,NULL,NULL,NULL,NULL,0,NULL,NULL,'2021-12-23 16:23:18','2021-12-23 21:23:18',1,NULL,NULL,NULL,NULL,0,NULL,2,'2021-12-23 16:23:17','2021-12-23 16:23:17'),(498,'https://theswimzone.com/?post_type=flamingo_inbound&p=3916','58:886cb54f04fb94d06179e917c626d9ae',3916,'post','flamingo_inbound',0,0,NULL,NULL,'[your-subject]','publish',NULL,0,NULL,NULL,NULL,NULL,NULL,0,0,NULL,0,NULL,NULL,NULL,NULL,NULL,NULL,NULL,NULL,NULL,NULL,NULL,NULL,NULL,NULL,2,NULL,NULL,'2021-12-23 22:49:59','2021-12-24 03:49:59',1,NULL,NULL,NULL,NULL,0,NULL,2,'2021-12-23 22:49:59','2021-12-23 22:49:59'),(499,'https://theswimzone.com/wp-content/uploads/2021/12/Pool-Opening.jpg','67:29bb951b4f7d92b7a42d2f7d0d91534f',3917,'post','attachment',1,0,NULL,NULL,'Pool Opening','inherit',0,0,0,NULL,NULL,NULL,NULL,0,0,NULL,0,NULL,NULL,NULL,NULL,'https://theswimzone.com/wp-content/uploads/2021/12/Pool-Opening.jpg',NULL,'3917','attachment-image',NULL,NULL,NULL,'3917','attachment-image',NULL,NULL,NULL,NULL,'2021-12-24 19:35:13','2021-12-25 00:35:13',1,NULL,NULL,NULL,NULL,0,NULL,2,'2021-12-24 19:35:13','2021-12-24 19:35:13'),(500,'https://theswimzone.com/wp-content/uploads/2017/05/Pool-Opening.jpg','67:3b42c441e87ac01b43fb75140e80b2af',3918,'post','attachment',1,2535,NULL,NULL,'Pool Opening','inherit',NULL,0,NULL,NULL,NULL,NULL,NULL,0,0,NULL,0,NULL,NULL,NULL,NULL,'https://theswimzone.com/wp-content/uploads/2017/05/Pool-Opening.jpg',NULL,'3918','attachment-image',NULL,NULL,'https://theswimzone.com/wp-content/uploads/2017/05/Pool-Opening.jpg','3918','attachment-image','{\"width\":848,\"height\":400,\"url\":\"https://theswimzone.com/wp-content/uploads/2017/05/Pool-Opening.jpg\",\"path\":\"/home/hepphi5/public_html/wp-content/uploads/2017/05/Pool-Opening.jpg\",\"size\":\"full\",\"id\":3918,\"alt\":\"Pool Opening\",\"pixels\":339200,\"type\":\"image/jpeg\"}',NULL,NULL,NULL,'2021-12-24 19:36:21','2021-12-27 22:19:22',1,NULL,NULL,NULL,NULL,1,NULL,2,'2021-12-24 19:36:44','2021-12-24 19:36:21'),(501,'https://theswimzone.com/?post_type=flamingo_contact&p=3940','58:d800063235d2ea1d333c22398305a2e9',3940,'post','flamingo_contact',0,0,NULL,NULL,'bobjencs@yahoo.co.uk','publish',NULL,0,NULL,NULL,NULL,NULL,NULL,0,0,NULL,0,NULL,NULL,NULL,NULL,NULL,NULL,NULL,NULL,NULL,NULL,NULL,NULL,NULL,NULL,0,NULL,NULL,'2021-12-24 21:56:45','2021-12-25 02:56:45',1,NULL,NULL,NULL,NULL,0,NULL,2,'2021-12-24 21:56:44','2021-12-24 21:56:44'),(502,'https://theswimzone.com/?post_type=flamingo_inbound&p=3941','58:3d145d5644d7602416b4351b1983defc',3941,'post','flamingo_inbound',0,0,NULL,NULL,'[your-subject]','publish',NULL,0,NULL,NULL,NULL,NULL,NULL,0,0,NULL,0,NULL,NULL,NULL,NULL,NULL,NULL,NULL,NULL,NULL,NULL,NULL,NULL,NULL,NULL,0,NULL,NULL,'2021-12-24 21:56:45','2021-12-25 02:56:45',1,NULL,NULL,NULL,NULL,0,NULL,2,'2021-12-24 21:56:44','2021-12-24 21:56:44'),(503,'https://theswimzone.com/2021/12/27/pool-closing/','48:887bcc2b845b65091ae85284d18317fb',3943,'post','nav_menu_item',1,0,NULL,NULL,'Pool Closing','publish',NULL,0,NULL,NULL,NULL,NULL,NULL,0,0,NULL,0,NULL,NULL,NULL,NULL,NULL,NULL,NULL,NULL,NULL,NULL,NULL,NULL,NULL,NULL,0,NULL,NULL,'2021-12-24 22:12:37','2021-12-28 00:57:09',1,NULL,NULL,NULL,NULL,0,NULL,2,'2021-12-27 19:57:09','2021-12-24 22:13:08'),(504,'https://theswimzone.com/wp-content/uploads/2021/12/Pool-Opening-Home-Page.jpg','77:f56f1f89ae5b6c73a28bd0027508cdb1',3944,'post','attachment',1,0,NULL,NULL,'Pool Opening Home','inherit',0,0,0,NULL,NULL,NULL,NULL,0,0,NULL,0,NULL,NULL,NULL,NULL,'https://theswimzone.com/wp-content/uploads/2021/12/Pool-Opening-Home-Page.jpg',NULL,'3944','attachment-image',NULL,NULL,'https://theswimzone.com/wp-content/uploads/2021/12/Pool-Opening-Home-Page.jpg','3944','attachment-image','{\"width\":998,\"height\":608,\"url\":\"https://theswimzone.com/wp-content/uploads/2021/12/Pool-Opening-Home-Page.jpg\",\"path\":\"/home/hepphi5/public_html/wp-content/uploads/2021/12/Pool-Opening-Home-Page.jpg\",\"size\":\"full\",\"id\":3944,\"alt\":\"Open Pool\",\"pixels\":606784,\"type\":\"image/jpeg\"}',NULL,2,NULL,'2021-12-24 22:46:34','2021-12-27 18:17:43',1,NULL,NULL,NULL,NULL,0,NULL,2,'2021-12-24 22:47:33','2021-12-24 22:46:34'),(505,'https://theswimzone.com/wp-content/uploads/2021/12/Closing-Pool.jpg','67:cb84fe23f50a54279352d559b4271c91',3948,'post','attachment',1,2934,NULL,NULL,'Pool Closing','inherit',NULL,0,NULL,NULL,NULL,NULL,NULL,0,0,NULL,0,NULL,NULL,NULL,NULL,'https://theswimzone.com/wp-content/uploads/2021/12/Closing-Pool.jpg',NULL,'3948','attachment-image',NULL,NULL,'https://theswimzone.com/wp-content/uploads/2021/12/Closing-Pool.jpg','3948','attachment-image','{\"width\":587,\"height\":357,\"url\":\"https://theswimzone.com/wp-content/uploads/2021/12/Closing-Pool.jpg\",\"path\":\"/home/hepphi5/public_html/wp-content/uploads/2021/12/Closing-Pool.jpg\",\"size\":\"full\",\"id\":3948,\"alt\":\"Closing a pool\",\"pixels\":209559,\"type\":\"image/jpeg\"}',NULL,2,NULL,'2021-12-24 22:58:09','2021-12-27 18:21:59',1,NULL,NULL,NULL,NULL,1,NULL,2,'2021-12-24 22:58:46','2021-12-24 22:58:09'),(506,'https://theswimzone.com/wp-content/uploads/2021/12/Residential-Pool-Maintenance.jpg','83:bfadf8d581bfc6663898882fcca577a5',3958,'post','attachment',1,2934,NULL,NULL,'Residential Pool Service','inherit',NULL,0,NULL,NULL,NULL,NULL,NULL,0,0,NULL,0,NULL,NULL,NULL,NULL,'https://theswimzone.com/wp-content/uploads/2021/12/Residential-Pool-Maintenance.jpg',NULL,'3958','attachment-image',NULL,NULL,'https://theswimzone.com/wp-content/uploads/2021/12/Residential-Pool-Maintenance.jpg','3958','attachment-image','{\"width\":998,\"height\":608,\"url\":\"https://theswimzone.com/wp-content/uploads/2021/12/Residential-Pool-Maintenance.jpg\",\"path\":\"/home/hepphi5/public_html/wp-content/uploads/2021/12/Residential-Pool-Maintenance.jpg\",\"size\":\"full\",\"id\":3958,\"alt\":\"Pool with Waterfall\",\"pixels\":606784,\"type\":\"image/jpeg\"}',NULL,2,NULL,'2021-12-24 23:08:06','2021-12-27 18:23:20',1,NULL,NULL,NULL,NULL,1,NULL,2,'2021-12-24 23:08:41','2021-12-24 23:08:06'),(507,'https://theswimzone.com/wp-content/uploads/2017/05/Pool-Closing-Page.jpg','72:7f32cc171b1aa411ff4f4fb0703748bb',3968,'post','attachment',1,2511,NULL,NULL,'Pool Closing','inherit',NULL,0,NULL,NULL,NULL,NULL,NULL,0,0,NULL,0,NULL,NULL,NULL,NULL,'https://theswimzone.com/wp-content/uploads/2017/05/Pool-Closing-Page.jpg',NULL,'3968','attachment-image',NULL,NULL,'https://theswimzone.com/wp-content/uploads/2017/05/Pool-Closing-Page.jpg','3968','attachment-image','{\"width\":1000,\"height\":750,\"url\":\"https://theswimzone.com/wp-content/uploads/2017/05/Pool-Closing-Page.jpg\",\"path\":\"/home/hepphi5/public_html/wp-content/uploads/2017/05/Pool-Closing-Page.jpg\",\"size\":\"full\",\"id\":3968,\"alt\":\"Closed Pool\",\"pixels\":750000,\"type\":\"image/jpeg\"}',NULL,NULL,NULL,'2021-12-24 23:12:32','2021-12-25 04:13:01',1,NULL,NULL,NULL,NULL,1,NULL,2,'2021-12-24 23:13:00','2021-12-24 23:12:32'),(508,'https://theswimzone.com/wp-content/uploads/2017/05/Pool-Closing-Page-1.jpg','74:5c558b670c2c4319b62af813ea720908',3971,'post','attachment',1,2511,NULL,NULL,'Pool Closing','inherit',NULL,0,NULL,NULL,NULL,NULL,NULL,0,0,NULL,0,NULL,NULL,NULL,NULL,'https://theswimzone.com/wp-content/uploads/2017/05/Pool-Closing-Page-1.jpg',NULL,'3971','attachment-image',NULL,NULL,'https://theswimzone.com/wp-content/uploads/2017/05/Pool-Closing-Page-1.jpg','3971','attachment-image','{\"width\":1000,\"height\":499,\"url\":\"https://theswimzone.com/wp-content/uploads/2017/05/Pool-Closing-Page-1.jpg\",\"path\":\"/home/hepphi5/public_html/wp-content/uploads/2017/05/Pool-Closing-Page-1.jpg\",\"size\":\"full\",\"id\":3971,\"alt\":\"Closed Pool\",\"pixels\":499000,\"type\":\"image/jpeg\"}',NULL,NULL,NULL,'2021-12-24 23:15:18','2021-12-25 04:15:49',1,NULL,NULL,NULL,NULL,1,NULL,2,'2021-12-24 23:15:48','2021-12-24 23:15:18'),(509,'https://theswimzone.com/wp-content/uploads/2017/05/Weekly-Pool-Maintenance-Page.jpg','83:3b66620c7ab318e2e1659179444089b1',3972,'post','attachment',1,2522,NULL,NULL,'Weekly Pool Maintenance','inherit',NULL,0,NULL,NULL,NULL,NULL,NULL,0,0,NULL,0,NULL,NULL,NULL,NULL,'https://theswimzone.com/wp-content/uploads/2017/05/Weekly-Pool-Maintenance-Page.jpg',NULL,'3972','attachment-image',NULL,NULL,'https://theswimzone.com/wp-content/uploads/2017/05/Weekly-Pool-Maintenance-Page.jpg','3972','attachment-image','{\"width\":871,\"height\":516,\"url\":\"https://theswimzone.com/wp-content/uploads/2017/05/Weekly-Pool-Maintenance-Page.jpg\",\"path\":\"/home/hepphi5/public_html/wp-content/uploads/2017/05/Weekly-Pool-Maintenance-Page.jpg\",\"size\":\"full\",\"id\":3972,\"alt\":\"Cleaning a Pool\",\"pixels\":449436,\"type\":\"image/jpeg\"}',NULL,NULL,NULL,'2021-12-24 23:20:47','2021-12-25 04:21:22',1,NULL,NULL,NULL,NULL,1,NULL,2,'2021-12-24 23:21:22','2021-12-24 23:20:47'),(510,'https://theswimzone.com/?post_type=flamingo_contact&p=3981','58:5bfa6983586a6ac004e6654eac856ea8',3981,'post','flamingo_contact',0,0,NULL,NULL,'no-replydrof@gmail.com','publish',NULL,0,NULL,NULL,NULL,NULL,NULL,0,0,NULL,0,NULL,NULL,NULL,NULL,NULL,NULL,NULL,NULL,NULL,NULL,NULL,NULL,NULL,NULL,0,NULL,NULL,'2021-12-25 01:43:08','2022-01-05 01:57:08',1,NULL,NULL,NULL,NULL,0,NULL,2,'2022-01-04 20:57:08','2022-01-04 20:57:08'),(511,'https://theswimzone.com/?post_type=flamingo_inbound&p=3982','58:6c97ff8ee68246fe838bbca58079d5f4',3982,'post','flamingo_inbound',0,0,NULL,NULL,'[your-subject]','publish',NULL,0,NULL,NULL,NULL,NULL,NULL,0,0,NULL,0,NULL,NULL,NULL,NULL,NULL,NULL,NULL,NULL,NULL,NULL,NULL,NULL,NULL,NULL,0,NULL,NULL,'2021-12-25 01:43:08','2021-12-25 06:43:11',1,NULL,NULL,NULL,NULL,0,NULL,2,'2021-12-25 01:43:07','2021-12-25 01:43:07'),(512,'https://theswimzone.com/?post_type=flamingo_contact&p=3983','58:36b9141542042b331ef5a65e0f441c89',3983,'post','flamingo_contact',0,0,NULL,NULL,'victoriashort44@gmail.com','publish',NULL,0,NULL,NULL,NULL,NULL,NULL,0,0,NULL,0,NULL,NULL,NULL,NULL,NULL,NULL,NULL,NULL,NULL,NULL,NULL,NULL,NULL,NULL,0,NULL,NULL,'2021-12-25 07:13:14','2022-01-02 04:36:30',1,NULL,NULL,NULL,NULL,0,NULL,2,'2022-01-01 23:36:29','2022-01-01 23:36:29'),(513,'https://theswimzone.com/?post_type=flamingo_inbound&p=3984','58:b46ffbdf0209bee64bf4073d9660d250',3984,'post','flamingo_inbound',0,0,NULL,NULL,'[your-subject]','publish',NULL,0,NULL,NULL,NULL,NULL,NULL,0,0,NULL,0,NULL,NULL,NULL,NULL,NULL,NULL,NULL,NULL,NULL,NULL,NULL,NULL,NULL,NULL,0,NULL,NULL,'2021-12-25 07:13:14','2021-12-25 12:13:14',1,NULL,NULL,NULL,NULL,0,NULL,2,'2021-12-25 07:13:13','2021-12-25 07:13:13'),(514,'https://theswimzone.com/?post_type=flamingo_contact&p=3985','58:b3228ace4c45ee6aca6824c6b16ae4c4',3985,'post','flamingo_contact',0,0,NULL,NULL,'bui.chi.nguyen2611@gmail.com','publish',NULL,0,NULL,NULL,NULL,NULL,NULL,0,0,NULL,0,NULL,NULL,NULL,NULL,NULL,NULL,NULL,NULL,NULL,NULL,NULL,NULL,NULL,NULL,0,NULL,NULL,'2021-12-25 12:36:23','2021-12-25 17:36:23',1,NULL,NULL,NULL,NULL,0,NULL,2,'2021-12-25 12:36:23','2021-12-25 12:36:23'),(515,'https://theswimzone.com/?post_type=flamingo_inbound&p=3986','58:59367e07331bc9e0e0a9c337df0b1d54',3986,'post','flamingo_inbound',0,0,NULL,NULL,'[your-subject]','publish',NULL,0,NULL,NULL,NULL,NULL,NULL,0,0,NULL,0,NULL,NULL,NULL,NULL,NULL,NULL,NULL,NULL,NULL,NULL,NULL,NULL,NULL,NULL,0,NULL,NULL,'2021-12-25 12:36:23','2021-12-25 17:36:23',1,NULL,NULL,NULL,NULL,0,NULL,2,'2021-12-25 12:36:22','2021-12-25 12:36:22'),(516,'https://theswimzone.com/?post_type=flamingo_inbound&p=3987','58:1542e7c92d0f13a2c8794786b25f4dd9',3987,'post','flamingo_inbound',0,0,NULL,NULL,'[your-subject]','publish',NULL,0,NULL,NULL,NULL,NULL,NULL,0,0,NULL,0,NULL,NULL,NULL,NULL,NULL,NULL,NULL,NULL,NULL,NULL,NULL,NULL,NULL,NULL,0,NULL,NULL,'2021-12-25 23:37:41','2021-12-26 04:37:41',1,NULL,NULL,NULL,NULL,0,NULL,2,'2021-12-25 23:37:40','2021-12-25 23:37:40'),(517,'https://theswimzone.com/?post_type=flamingo_contact&p=3988','58:e9b2e1dd8f4eb035480d9072878ad820',3988,'post','flamingo_contact',0,0,NULL,NULL,'branimirvujicic2003@yahoo.co.uk','publish',NULL,0,NULL,NULL,NULL,NULL,NULL,0,0,NULL,0,NULL,NULL,NULL,NULL,NULL,NULL,NULL,NULL,NULL,NULL,NULL,NULL,NULL,NULL,0,NULL,NULL,'2021-12-26 15:58:49','2021-12-26 20:58:49',1,NULL,NULL,NULL,NULL,0,NULL,2,'2021-12-26 15:58:49','2021-12-26 15:58:49'),(518,'https://theswimzone.com/?post_type=flamingo_inbound&p=3989','58:588a4a5d566132d517d2fae01de7101b',3989,'post','flamingo_inbound',0,0,NULL,NULL,'[your-subject]','publish',NULL,0,NULL,NULL,NULL,NULL,NULL,0,0,NULL,0,NULL,NULL,NULL,NULL,NULL,NULL,NULL,NULL,NULL,NULL,NULL,NULL,NULL,NULL,0,NULL,NULL,'2021-12-26 15:58:50','2021-12-26 20:58:50',1,NULL,NULL,NULL,NULL,0,NULL,2,'2021-12-26 15:58:49','2021-12-26 15:58:49'),(519,'https://theswimzone.com/2021/12/27/pool-opening/','48:3a67326f7421a259d56b18272011e775',3998,'post','nav_menu_item',1,0,NULL,NULL,'Pool Opening','publish',NULL,0,NULL,NULL,NULL,NULL,NULL,0,0,NULL,0,NULL,NULL,NULL,NULL,NULL,NULL,NULL,NULL,NULL,NULL,NULL,NULL,NULL,NULL,0,NULL,NULL,'2021-12-27 17:30:46','2021-12-28 00:57:09',1,NULL,NULL,NULL,NULL,0,NULL,2,'2021-12-27 19:57:08','2021-12-27 17:31:03'),(521,'https://theswimzone.com/wp-content/uploads/2021/12/Pool-Repair-scaled.jpg','73:47e72416653bae77ac033e433c88653c',4006,'post','attachment',1,3661,NULL,NULL,'Pool Repair','inherit',NULL,0,NULL,NULL,NULL,NULL,NULL,0,0,NULL,0,NULL,NULL,NULL,NULL,'https://theswimzone.com/wp-content/uploads/2021/12/Pool-Repair-scaled.jpg',NULL,'4006','attachment-image',NULL,NULL,'https://theswimzone.com/wp-content/uploads/2021/12/Pool-Repair-scaled.jpg','4006','attachment-image','{\"width\":2560,\"height\":1559,\"url\":\"https://theswimzone.com/wp-content/uploads/2021/12/Pool-Repair-scaled.jpg\",\"path\":\"/home/hepphi5/public_html/wp-content/uploads/2021/12/Pool-Repair-scaled.jpg\",\"size\":\"full\",\"id\":4006,\"alt\":\"Pool Repair\",\"pixels\":3991040,\"type\":\"image/jpeg\"}',NULL,1,NULL,'2021-12-27 18:15:07','2021-12-27 18:16:37',1,NULL,NULL,NULL,NULL,1,NULL,2,'2021-12-27 18:15:58','2021-12-27 18:15:07'),(522,'https://theswimzone.com/wp-content/uploads/2017/05/Equipment-Installation.jpeg','78:caa095831ab49d404c31e305624f9741',4026,'post','attachment',1,2503,NULL,NULL,'Equipment Installation','inherit',NULL,0,NULL,NULL,NULL,NULL,NULL,0,0,NULL,0,NULL,NULL,NULL,NULL,'https://theswimzone.com/wp-content/uploads/2017/05/Equipment-Installation.jpeg',NULL,'4026','attachment-image',NULL,NULL,'https://theswimzone.com/wp-content/uploads/2017/05/Equipment-Installation.jpeg','4026','attachment-image','{\"width\":1500,\"height\":914,\"url\":\"https://theswimzone.com/wp-content/uploads/2017/05/Equipment-Installation.jpeg\",\"path\":\"/home/hepphi5/public_html/wp-content/uploads/2017/05/Equipment-Installation.jpeg\",\"size\":\"full\",\"id\":4026,\"alt\":\"Filtration Equipment\",\"pixels\":1371000,\"type\":\"image/jpeg\"}',NULL,NULL,NULL,'2021-12-27 18:26:38','2021-12-27 23:27:33',1,NULL,NULL,NULL,NULL,1,NULL,2,'2021-12-27 18:27:33','2021-12-27 18:26:38'),(525,'https://theswimzone.com/wp-content/uploads/2017/06/Pool-Repair-1-scaled.jpg','75:da6aa9c63e3610b69d6bca437e93859f',4076,'post','attachment',1,2714,NULL,NULL,'Pool Repair','inherit',NULL,0,NULL,NULL,NULL,NULL,NULL,0,0,NULL,0,NULL,NULL,NULL,NULL,'https://theswimzone.com/wp-content/uploads/2017/06/Pool-Repair-1-scaled.jpg',NULL,'4076','attachment-image',NULL,NULL,'https://theswimzone.com/wp-content/uploads/2017/06/Pool-Repair-1-scaled.jpg','4076','attachment-image','{\"width\":2560,\"height\":1559,\"url\":\"https://theswimzone.com/wp-content/uploads/2017/06/Pool-Repair-1-scaled.jpg\",\"path\":\"/home/hepphi5/public_html/wp-content/uploads/2017/06/Pool-Repair-1-scaled.jpg\",\"size\":\"full\",\"id\":4076,\"alt\":\"Pool Pipe Repair\",\"pixels\":3991040,\"type\":\"image/jpeg\"}',NULL,NULL,NULL,'2021-12-27 19:41:27','2021-12-28 00:42:11',1,NULL,NULL,NULL,NULL,1,NULL,2,'2021-12-27 19:42:10','2021-12-27 19:41:27'),(526,'https://theswimzone.com/2021/12/27/retail-store/','48:4b223374a4fec5e4e7a8c572c2ce4e59',4087,'post','nav_menu_item',1,0,NULL,NULL,'Retail Store','publish',NULL,0,NULL,NULL,NULL,NULL,NULL,0,0,NULL,0,NULL,NULL,NULL,NULL,NULL,NULL,NULL,NULL,NULL,NULL,NULL,NULL,NULL,NULL,0,NULL,NULL,'2021-12-27 19:53:56','2021-12-28 00:56:35',1,NULL,NULL,NULL,NULL,0,NULL,2,'2021-12-27 19:56:35','2021-12-27 19:56:35'),(527,'https://theswimzone.com/2021/12/27/pool-opening-2/','50:4ec6ae1f2175ca0f4e30a6c6db93d0aa',4088,'post','nav_menu_item',1,0,NULL,NULL,'Pool Opening','publish',NULL,0,NULL,NULL,NULL,NULL,NULL,0,0,NULL,0,NULL,NULL,NULL,NULL,NULL,NULL,NULL,NULL,NULL,NULL,NULL,NULL,NULL,NULL,0,NULL,NULL,'2021-12-27 19:54:48','2021-12-28 00:56:36',1,NULL,NULL,NULL,NULL,0,NULL,2,'2021-12-27 19:56:36','2021-12-27 19:56:36'),(528,'https://theswimzone.com/2021/12/27/pool-closing-2/','50:79c54a61ce5e989d4a8b9453b2267286',4089,'post','nav_menu_item',1,0,NULL,NULL,'Pool Closing','publish',NULL,0,NULL,NULL,NULL,NULL,NULL,0,0,NULL,0,NULL,NULL,NULL,NULL,NULL,NULL,NULL,NULL,NULL,NULL,NULL,NULL,NULL,NULL,0,NULL,NULL,'2021-12-27 19:55:08','2021-12-28 00:56:36',1,NULL,NULL,NULL,NULL,0,NULL,2,'2021-12-27 19:56:36','2021-12-27 19:56:36'),(529,'https://theswimzone.com/2021/12/27/weekly-pool-maintenance-2/','61:b764ec9976e20e3cabc1040f8f2dccdb',4090,'post','nav_menu_item',1,0,NULL,NULL,'Weekly Pool Maintenance','publish',NULL,0,NULL,NULL,NULL,NULL,NULL,0,0,NULL,0,NULL,NULL,NULL,NULL,NULL,NULL,NULL,NULL,NULL,NULL,NULL,NULL,NULL,NULL,0,NULL,NULL,'2021-12-27 19:55:35','2021-12-28 00:56:36',1,NULL,NULL,NULL,NULL,0,NULL,2,'2021-12-27 19:56:36','2021-12-27 19:56:36'),(530,'https://theswimzone.com/2021/12/27/residential-pool-services/','61:c5cc5ce7b42cdaf7de7f3ff40bb6b96d',4091,'post','nav_menu_item',1,0,NULL,NULL,'Residential Pool Services','publish',NULL,0,NULL,NULL,NULL,NULL,NULL,0,0,NULL,0,NULL,NULL,NULL,NULL,NULL,NULL,NULL,NULL,NULL,NULL,NULL,NULL,NULL,NULL,0,NULL,NULL,'2021-12-27 19:55:58','2021-12-28 00:56:37',1,NULL,NULL,NULL,NULL,0,NULL,2,'2021-12-27 19:56:36','2021-12-27 19:56:36'),(531,'https://theswimzone.com/?post_type=wpforms&p=4092','49:cd1fc7ecc1800ace2e5d6747e08c4f2c',4092,'post','wpforms',1,0,NULL,NULL,'General Contact Form','publish',NULL,0,NULL,NULL,NULL,NULL,NULL,0,0,NULL,0,NULL,NULL,NULL,NULL,NULL,NULL,NULL,NULL,NULL,NULL,NULL,NULL,NULL,NULL,0,NULL,NULL,'2021-12-27 20:03:38','2021-12-28 01:51:21',1,NULL,NULL,NULL,NULL,0,NULL,2,'2021-12-27 20:51:20','2021-12-27 20:03:38'),(534,'https://theswimzone.com/?post_type=flamingo_inbound&p=4101','58:bb1292ba6ca1d00b13fc96c5bb465e95',4101,'post','flamingo_inbound',0,0,NULL,NULL,'[your-subject]','publish',NULL,0,NULL,NULL,NULL,NULL,NULL,0,0,NULL,0,NULL,NULL,NULL,NULL,NULL,NULL,NULL,NULL,NULL,NULL,NULL,NULL,NULL,NULL,0,NULL,NULL,'2021-12-28 21:48:46','2021-12-29 02:48:46',1,NULL,NULL,NULL,NULL,0,NULL,2,'2021-12-28 21:48:45','2021-12-28 21:48:45'),(535,'https://theswimzone.com/?post_type=flamingo_inbound&p=4106','58:d42d8dd453f3e90ae007b9179f5da075',4106,'post','flamingo_inbound',0,0,NULL,NULL,'[your-subject]','publish',NULL,0,NULL,NULL,NULL,NULL,NULL,0,0,NULL,0,NULL,NULL,NULL,NULL,NULL,NULL,NULL,NULL,NULL,NULL,NULL,NULL,NULL,NULL,0,NULL,NULL,'2021-12-28 22:10:32','2021-12-29 03:10:32',1,NULL,NULL,NULL,NULL,0,NULL,2,'2021-12-28 22:10:31','2021-12-28 22:10:31'),(536,'https://theswimzone.com/?post_type=flamingo_inbound&p=4107','58:592c4ab22fec05454b113ae355ba8788',4107,'post','flamingo_inbound',0,0,NULL,NULL,'[your-subject]','publish',NULL,0,NULL,NULL,NULL,NULL,NULL,0,0,NULL,0,NULL,NULL,NULL,NULL,NULL,NULL,NULL,NULL,NULL,NULL,NULL,NULL,NULL,NULL,0,NULL,NULL,'2021-12-28 22:17:27','2021-12-29 03:17:27',1,NULL,NULL,NULL,NULL,0,NULL,2,'2021-12-28 22:17:26','2021-12-28 22:17:26'),(537,'https://theswimzone.com/?post_type=flamingo_inbound&p=4108','58:6d69daff5c4ba291585e6271fc5bfc90',4108,'post','flamingo_inbound',0,0,NULL,NULL,'[your-subject]','publish',NULL,0,NULL,NULL,NULL,NULL,NULL,0,0,NULL,0,NULL,NULL,NULL,NULL,NULL,NULL,NULL,NULL,NULL,NULL,NULL,NULL,NULL,NULL,0,NULL,NULL,'2021-12-28 22:18:29','2021-12-29 03:18:29',1,NULL,NULL,NULL,NULL,0,NULL,2,'2021-12-28 22:18:28','2021-12-28 22:18:28'),(538,'https://theswimzone.com/?post_type=flamingo_inbound&p=4109','58:ce4e09222d6712174af23a6321b6b7c5',4109,'post','flamingo_inbound',0,0,NULL,NULL,'[your-subject]','publish',NULL,0,NULL,NULL,NULL,NULL,NULL,0,0,NULL,0,NULL,NULL,NULL,NULL,NULL,NULL,NULL,NULL,NULL,NULL,NULL,NULL,NULL,NULL,0,NULL,NULL,'2021-12-28 22:21:03','2021-12-29 03:21:03',1,NULL,NULL,NULL,NULL,0,NULL,2,'2021-12-28 22:21:01','2021-12-28 22:21:01'),(539,'https://theswimzone.com/?post_type=flamingo_inbound&p=4110','58:e6fc9d9263e4d1f0d1ad814c5b6c8883',4110,'post','flamingo_inbound',0,0,NULL,NULL,'[your-subject]','publish',NULL,0,NULL,NULL,NULL,NULL,NULL,0,0,NULL,0,NULL,NULL,NULL,NULL,NULL,NULL,NULL,NULL,NULL,NULL,NULL,NULL,NULL,NULL,0,NULL,NULL,'2021-12-28 22:23:02','2021-12-29 03:23:02',1,NULL,NULL,NULL,NULL,0,NULL,2,'2021-12-28 22:23:01','2021-12-28 22:23:01'),(540,'https://theswimzone.com/?post_type=flamingo_inbound&p=4111','58:7455509b7cb18f775c825f0eb1fd48b8',4111,'post','flamingo_inbound',0,0,NULL,NULL,'[your-subject]','publish',NULL,0,NULL,NULL,NULL,NULL,NULL,0,0,NULL,0,NULL,NULL,NULL,NULL,NULL,NULL,NULL,NULL,NULL,NULL,NULL,NULL,NULL,NULL,0,NULL,NULL,'2021-12-28 22:26:57','2021-12-29 03:26:57',1,NULL,NULL,NULL,NULL,0,NULL,2,'2021-12-28 22:26:56','2021-12-28 22:26:56'),(541,'https://theswimzone.com/?post_type=flamingo_inbound&p=4112','58:5a0e14c99cfe089416a9b37f7c8c3335',4112,'post','flamingo_inbound',0,0,NULL,NULL,'[your-subject]','publish',NULL,0,NULL,NULL,NULL,NULL,NULL,0,0,NULL,0,NULL,NULL,NULL,NULL,NULL,NULL,NULL,NULL,NULL,NULL,NULL,NULL,NULL,NULL,0,NULL,NULL,'2021-12-28 22:30:17','2021-12-29 03:30:17',1,NULL,NULL,NULL,NULL,0,NULL,2,'2021-12-28 22:30:16','2021-12-28 22:30:16'),(542,'https://theswimzone.com/?post_type=flamingo_inbound&p=4113','58:6133a414f9d413571e4c3ecf138e6adf',4113,'post','flamingo_inbound',0,0,NULL,NULL,'[your-subject]','publish',NULL,0,NULL,NULL,NULL,NULL,NULL,0,0,NULL,0,NULL,NULL,NULL,NULL,NULL,NULL,NULL,NULL,NULL,NULL,NULL,NULL,NULL,NULL,0,NULL,NULL,'2021-12-28 22:36:23','2021-12-29 03:36:23',1,NULL,NULL,NULL,NULL,0,NULL,2,'2021-12-28 22:36:22','2021-12-28 22:36:22'),(543,'https://theswimzone.com/?post_type=flamingo_inbound&p=4118','58:d468286ddc42992e8061de6e9904599f',4118,'post','flamingo_inbound',0,0,NULL,NULL,'[your-subject]','publish',NULL,0,NULL,NULL,NULL,NULL,NULL,0,0,NULL,0,NULL,NULL,NULL,NULL,NULL,NULL,NULL,NULL,NULL,NULL,NULL,NULL,NULL,NULL,0,NULL,NULL,'2021-12-29 05:22:50','2021-12-29 10:22:50',1,NULL,NULL,NULL,NULL,0,NULL,2,'2021-12-29 05:22:48','2021-12-29 05:22:48'),(544,'https://theswimzone.com/?post_type=flamingo_contact&p=4119','58:26759f38ce38c24aa64867a3317607eb',4119,'post','flamingo_contact',0,0,NULL,NULL,'olezhka.barich@mail.ru','publish',NULL,0,NULL,NULL,NULL,NULL,NULL,0,0,NULL,0,NULL,NULL,NULL,NULL,NULL,NULL,NULL,NULL,NULL,NULL,NULL,NULL,NULL,NULL,0,NULL,NULL,'2021-12-30 15:23:13','2021-12-30 20:23:13',1,NULL,NULL,NULL,NULL,0,NULL,2,'2021-12-30 15:23:13','2021-12-30 15:23:13'),(545,'https://theswimzone.com/?post_type=flamingo_inbound&p=4120','58:00b6b42658e622f4c2c7377552c73f71',4120,'post','flamingo_inbound',0,0,NULL,NULL,'[your-subject]','publish',NULL,0,NULL,NULL,NULL,NULL,NULL,0,0,NULL,0,NULL,NULL,NULL,NULL,NULL,NULL,NULL,NULL,NULL,NULL,NULL,NULL,NULL,NULL,0,NULL,NULL,'2021-12-30 15:23:14','2021-12-30 20:23:14',1,NULL,NULL,NULL,NULL,0,NULL,2,'2021-12-30 15:23:11','2021-12-30 15:23:11'),(546,'https://theswimzone.com/?post_type=flamingo_inbound&p=4121','58:3e4f822dc89d17f329386be7f79a690f',4121,'post','flamingo_inbound',0,0,NULL,NULL,'[your-subject]','publish',NULL,0,NULL,NULL,NULL,NULL,NULL,0,0,NULL,0,NULL,NULL,NULL,NULL,NULL,NULL,NULL,NULL,NULL,NULL,NULL,NULL,NULL,NULL,0,NULL,NULL,'2021-12-30 18:09:48','2021-12-30 23:09:49',1,NULL,NULL,NULL,NULL,0,NULL,2,'2021-12-30 18:09:47','2021-12-30 18:09:47'),(547,'https://theswimzone.com/?post_type=flamingo_inbound&p=4122','58:90edfa720f1a7175ce30a5c4dd015d8f',4122,'post','flamingo_inbound',0,0,NULL,NULL,'[your-subject]','publish',NULL,0,NULL,NULL,NULL,NULL,NULL,0,0,NULL,0,NULL,NULL,NULL,NULL,NULL,NULL,NULL,NULL,NULL,NULL,NULL,NULL,NULL,NULL,0,NULL,NULL,'2021-12-30 22:53:13','2021-12-31 03:53:13',1,NULL,NULL,NULL,NULL,0,NULL,2,'2021-12-30 22:53:12','2021-12-30 22:53:12'),(548,'https://theswimzone.com/?post_type=flamingo_contact&p=4123','58:4498f79ce8e9ff934d9b56e21a783f54',4123,'post','flamingo_contact',0,0,NULL,NULL,'linkedbusiness65@gmail.com','publish',NULL,0,NULL,NULL,NULL,NULL,NULL,0,0,NULL,0,NULL,NULL,NULL,NULL,NULL,NULL,NULL,NULL,NULL,NULL,NULL,NULL,NULL,NULL,0,NULL,NULL,'2021-12-31 00:30:17','2021-12-31 05:30:17',1,NULL,NULL,NULL,NULL,0,NULL,2,'2021-12-31 00:30:17','2021-12-31 00:30:17'),(549,'https://theswimzone.com/?post_type=flamingo_inbound&p=4124','58:0f4d190aca6008fb30aeeefbe00f0851',4124,'post','flamingo_inbound',0,0,NULL,NULL,'[your-subject]','publish',NULL,0,NULL,NULL,NULL,NULL,NULL,0,0,NULL,0,NULL,NULL,NULL,NULL,NULL,NULL,NULL,NULL,NULL,NULL,NULL,NULL,NULL,NULL,0,NULL,NULL,'2021-12-31 00:30:17','2021-12-31 05:30:17',1,NULL,NULL,NULL,NULL,0,NULL,2,'2021-12-31 00:30:16','2021-12-31 00:30:16'),(550,'https://theswimzone.com/?post_type=flamingo_inbound&p=4125','58:ad4dfa46a838dcb040ea248422ec8fb8',4125,'post','flamingo_inbound',0,0,NULL,NULL,'[your-subject]','publish',NULL,0,NULL,NULL,NULL,NULL,NULL,0,0,NULL,0,NULL,NULL,NULL,NULL,NULL,NULL,NULL,NULL,NULL,NULL,NULL,NULL,NULL,NULL,0,NULL,NULL,'2022-01-01 01:14:59','2022-01-01 06:14:59',1,NULL,NULL,NULL,NULL,0,NULL,2,'2022-01-01 01:14:57','2022-01-01 01:14:57'),(551,'https://theswimzone.com/?post_type=flamingo_inbound&p=4126','58:13f99d65d484f2bf80cb20f6b52d7c97',4126,'post','flamingo_inbound',0,0,NULL,NULL,'[your-subject]','publish',NULL,0,NULL,NULL,NULL,NULL,NULL,0,0,NULL,0,NULL,NULL,NULL,NULL,NULL,NULL,NULL,NULL,NULL,NULL,NULL,NULL,NULL,NULL,0,NULL,NULL,'2022-01-01 15:05:45','2022-01-01 20:05:45',1,NULL,NULL,NULL,NULL,0,NULL,2,'2022-01-01 15:05:44','2022-01-01 15:05:44'),(552,'https://theswimzone.com/author/jonathan/','40:20cd4a1f62efb69c6cd93265d054b485',2,'user',NULL,NULL,NULL,NULL,NULL,NULL,NULL,NULL,0,0,NULL,NULL,NULL,NULL,NULL,0,0,NULL,NULL,NULL,NULL,NULL,'https://secure.gravatar.com/avatar/f200244d9790654046f2be738f1548f7?s=500&d=mm&r=g',NULL,NULL,'gravatar-image',NULL,NULL,'https://secure.gravatar.com/avatar/f200244d9790654046f2be738f1548f7?s=500&d=mm&r=g',NULL,'gravatar-image',NULL,NULL,NULL,NULL,'2022-01-01 19:20:22','2022-01-02 00:22:00',1,NULL,NULL,NULL,NULL,0,NULL,2,'2022-01-01 14:22:00',NULL),(553,'https://theswimzone.com/?post_type=flamingo_inbound&p=4129','58:d854e09a07ab61fa73b961c6a013deea',4129,'post','flamingo_inbound',0,0,NULL,NULL,'[your-subject]','publish',NULL,0,NULL,NULL,NULL,NULL,NULL,0,0,NULL,0,NULL,NULL,NULL,NULL,NULL,NULL,NULL,NULL,NULL,NULL,NULL,NULL,NULL,NULL,0,NULL,NULL,'2022-01-01 23:36:30','2022-01-02 04:36:30',1,NULL,NULL,NULL,NULL,0,NULL,2,'2022-01-01 23:36:28','2022-01-01 23:36:28'),(554,'https://theswimzone.com/?post_type=flamingo_contact&p=4130','58:3dabad9fa9ab747ce0dbd5b0274385b3',4130,'post','flamingo_contact',0,0,NULL,NULL,'1uhd2jgt@icloud.com','publish',NULL,0,NULL,NULL,NULL,NULL,NULL,0,0,NULL,0,NULL,NULL,NULL,NULL,NULL,NULL,NULL,NULL,NULL,NULL,NULL,NULL,NULL,NULL,0,NULL,NULL,'2022-01-02 01:01:58','2022-01-02 06:01:58',1,NULL,NULL,NULL,NULL,0,NULL,2,'2022-01-02 01:01:58','2022-01-02 01:01:58'),(555,'https://theswimzone.com/?post_type=flamingo_inbound&p=4131','58:3f2d81a84ccc66bb64e061a09880ccb0',4131,'post','flamingo_inbound',0,0,NULL,NULL,'[your-subject]','publish',NULL,0,NULL,NULL,NULL,NULL,NULL,0,0,NULL,0,NULL,NULL,NULL,NULL,NULL,NULL,NULL,NULL,NULL,NULL,NULL,NULL,NULL,NULL,0,NULL,NULL,'2022-01-02 01:01:58','2022-01-02 06:01:58',1,NULL,NULL,NULL,NULL,0,NULL,2,'2022-01-02 01:01:56','2022-01-02 01:01:56'),(556,'https://theswimzone.com/?post_type=flamingo_contact&p=4132','58:25920bf4b1f604557459824c598d4ef7',4132,'post','flamingo_contact',0,0,NULL,NULL,'woodthighgire1988@gmail.com','publish',NULL,0,NULL,NULL,NULL,NULL,NULL,0,0,NULL,0,NULL,NULL,NULL,NULL,NULL,NULL,NULL,NULL,NULL,NULL,NULL,NULL,NULL,NULL,0,NULL,NULL,'2022-01-02 19:22:26','2022-01-03 00:22:26',1,NULL,NULL,NULL,NULL,0,NULL,2,'2022-01-02 19:22:26','2022-01-02 19:22:26'),(557,'https://theswimzone.com/?post_type=flamingo_inbound&p=4133','58:da142e4062d5c44d11aade48b0ed91ce',4133,'post','flamingo_inbound',0,0,NULL,NULL,'[your-subject]','publish',NULL,0,NULL,NULL,NULL,NULL,NULL,0,0,NULL,0,NULL,NULL,NULL,NULL,NULL,NULL,NULL,NULL,NULL,NULL,NULL,NULL,NULL,NULL,0,NULL,NULL,'2022-01-02 19:22:26','2022-01-03 00:22:26',1,NULL,NULL,NULL,NULL,0,NULL,2,'2022-01-02 19:22:25','2022-01-02 19:22:25'),(558,'https://theswimzone.com/?post_type=flamingo_contact&p=4134','58:b62e4f56f171c52f708d7678e4666181',4134,'post','flamingo_contact',0,0,NULL,NULL,'hnkvccg6@gmail.com','publish',NULL,0,NULL,NULL,NULL,NULL,NULL,0,0,NULL,0,NULL,NULL,NULL,NULL,NULL,NULL,NULL,NULL,NULL,NULL,NULL,NULL,NULL,NULL,0,NULL,NULL,'2022-01-04 14:44:55','2022-01-04 19:44:55',1,NULL,NULL,NULL,NULL,0,NULL,2,'2022-01-04 14:44:54','2022-01-04 14:44:54'),(559,'https://theswimzone.com/?post_type=flamingo_inbound&p=4135','58:3e3e1287cd9b6667f561d12580e3b67b',4135,'post','flamingo_inbound',0,0,NULL,NULL,'[your-subject]','publish',NULL,0,NULL,NULL,NULL,NULL,NULL,0,0,NULL,0,NULL,NULL,NULL,NULL,NULL,NULL,NULL,NULL,NULL,NULL,NULL,NULL,NULL,NULL,0,NULL,NULL,'2022-01-04 14:44:56','2022-01-04 19:44:56',1,NULL,NULL,NULL,NULL,0,NULL,2,'2022-01-04 14:44:53','2022-01-04 14:44:53'),(560,'https://theswimzone.com/?post_type=flamingo_contact&p=4136','58:e30c8fbed968361c107877f6b1f8b298',4136,'post','flamingo_contact',0,0,NULL,NULL,'azkoehyb@icloud.com','publish',NULL,0,NULL,NULL,NULL,NULL,NULL,0,0,NULL,0,NULL,NULL,NULL,NULL,NULL,NULL,NULL,NULL,NULL,NULL,NULL,NULL,NULL,NULL,0,NULL,NULL,'2022-01-04 20:03:22','2022-01-05 01:03:22',1,NULL,NULL,NULL,NULL,0,NULL,2,'2022-01-04 20:03:22','2022-01-04 20:03:22'),(561,'https://theswimzone.com/?post_type=flamingo_inbound&p=4137','58:2c4b4953c68fee9b81577af4ffb9f41e',4137,'post','flamingo_inbound',0,0,NULL,NULL,'[your-subject]','publish',NULL,0,NULL,NULL,NULL,NULL,NULL,0,0,NULL,0,NULL,NULL,NULL,NULL,NULL,NULL,NULL,NULL,NULL,NULL,NULL,NULL,NULL,NULL,0,NULL,NULL,'2022-01-04 20:03:22','2022-01-05 01:03:22',1,NULL,NULL,NULL,NULL,0,NULL,2,'2022-01-04 20:03:20','2022-01-04 20:03:20'),(562,'https://theswimzone.com/?post_type=flamingo_inbound&p=4138','58:8e2489e42150a88dcdb02781901f250b',4138,'post','flamingo_inbound',0,0,NULL,NULL,'[your-subject]','publish',NULL,0,NULL,NULL,NULL,NULL,NULL,0,0,NULL,0,NULL,NULL,NULL,NULL,NULL,NULL,NULL,NULL,NULL,NULL,NULL,NULL,NULL,NULL,0,NULL,NULL,'2022-01-04 20:57:08','2022-01-05 01:57:10',1,NULL,NULL,NULL,NULL,0,NULL,2,'2022-01-04 20:57:07','2022-01-04 20:57:07'),(563,'https://theswimzone.com/?post_type=flamingo_inbound&p=4139','58:7f082f811d3210abbe8fc0800813744e',4139,'post','flamingo_inbound',0,0,NULL,NULL,'[your-subject]','publish',NULL,0,NULL,NULL,NULL,NULL,NULL,0,0,NULL,0,NULL,NULL,NULL,NULL,NULL,NULL,NULL,NULL,NULL,NULL,NULL,NULL,NULL,NULL,0,NULL,NULL,'2022-01-05 04:07:45','2022-01-05 09:07:45',1,NULL,NULL,NULL,NULL,0,NULL,2,'2022-01-05 04:07:43','2022-01-05 04:07:43'),(564,'https://theswimzone.com/?post_type=flamingo_contact&p=4140','58:450eee72816e174e812f0679aa91c367',4140,'post','flamingo_contact',0,0,NULL,NULL,'jae0akxn@icloud.com','publish',NULL,0,NULL,NULL,NULL,NULL,NULL,0,0,NULL,0,NULL,NULL,NULL,NULL,NULL,NULL,NULL,NULL,NULL,NULL,NULL,NULL,NULL,NULL,0,NULL,NULL,'2022-01-05 17:29:38','2022-01-05 22:29:38',1,NULL,NULL,NULL,NULL,0,NULL,2,'2022-01-05 17:29:37','2022-01-05 17:29:37'),(565,'https://theswimzone.com/?post_type=flamingo_inbound&p=4141','58:979660533d29ce522e659e6567f4f287',4141,'post','flamingo_inbound',0,0,NULL,NULL,'[your-subject]','publish',NULL,0,NULL,NULL,NULL,NULL,NULL,0,0,NULL,0,NULL,NULL,NULL,NULL,NULL,NULL,NULL,NULL,NULL,NULL,NULL,NULL,NULL,NULL,0,NULL,NULL,'2022-01-05 17:29:38','2022-01-05 22:29:38',1,NULL,NULL,NULL,NULL,0,NULL,2,'2022-01-05 17:29:36','2022-01-05 17:29:36'),(566,'https://theswimzone.com/?post_type=flamingo_contact&p=4142','58:7b23b3fcfa5da8d5f80947b94912112c',4142,'post','flamingo_contact',0,0,NULL,NULL,'circle357marketing@gmail.com','publish',NULL,0,NULL,NULL,NULL,NULL,NULL,0,0,NULL,0,NULL,NULL,NULL,NULL,NULL,NULL,NULL,NULL,NULL,NULL,NULL,NULL,NULL,NULL,0,NULL,NULL,'2022-01-05 19:12:32','2022-01-06 00:12:32',1,NULL,NULL,NULL,NULL,0,NULL,2,'2022-01-05 19:12:32','2022-01-05 19:12:32'),(567,'https://theswimzone.com/?post_type=flamingo_inbound&p=4143','58:f1469202980542897d37b1c72ee250d6',4143,'post','flamingo_inbound',0,0,NULL,NULL,'[your-subject]','publish',NULL,0,NULL,NULL,NULL,NULL,NULL,0,0,NULL,0,NULL,NULL,NULL,NULL,NULL,NULL,NULL,NULL,NULL,NULL,NULL,NULL,NULL,NULL,0,NULL,NULL,'2022-01-05 19:12:33','2022-01-06 00:12:33',1,NULL,NULL,NULL,NULL,0,NULL,2,'2022-01-05 19:12:31','2022-01-05 19:12:31');

--
-- Table structure for table `wpuc_yoast_indexable_hierarchy`
--

CREATE TABLE `wpuc_yoast_indexable_hierarchy` (
  `indexable_id` int(11) unsigned NOT NULL,
  `ancestor_id` int(11) unsigned NOT NULL,
  `depth` int(11) unsigned DEFAULT NULL,
  `blog_id` bigint(20) NOT NULL DEFAULT 1,
  PRIMARY KEY (`indexable_id`,`ancestor_id`),
  KEY `indexable_id` (`indexable_id`),
  KEY `ancestor_id` (`ancestor_id`),
  KEY `depth` (`depth`)
) ENGINE=MyISAM DEFAULT CHARSET=utf8mb4 COLLATE=utf8mb4_unicode_ci;

--
-- Dumping data for table `wpuc_yoast_indexable_hierarchy`
--

INSERT INTO `wpuc_yoast_indexable_hierarchy` VALUES (40,36,1,1),(45,41,1,1),(46,36,1,1),(448,343,1,1),(449,343,1,1),(68,343,1,1),(455,343,1,1),(458,343,1,1),(377,0,0,1),(343,0,0,1),(335,0,0,1),(330,0,0,1),(362,0,0,1),(10,0,0,1),(407,0,0,1),(332,0,0,1),(373,0,0,1),(382,0,0,1),(400,0,0,1),(351,0,0,1),(406,0,0,1),(359,0,0,1),(334,0,0,1),(331,0,0,1),(360,0,0,1),(333,0,0,1),(371,0,0,1),(353,0,0,1),(363,0,0,1),(372,0,0,1),(20,0,0,1),(361,0,0,1),(19,0,0,1),(375,0,0,1),(364,0,0,1),(381,0,0,1),(374,0,0,1),(352,0,0,1),(405,0,0,1),(15,0,0,1),(366,0,0,1),(411,0,0,1),(396,0,0,1),(408,0,0,1),(340,0,0,1),(31,0,0,1),(260,0,0,1),(43,0,0,1),(380,0,0,1),(422,0,0,1),(1,0,0,1),(367,0,0,1),(391,0,0,1),(389,0,0,1),(33,0,0,1),(415,0,0,1),(350,0,0,1),(413,0,0,1),(234,0,0,1),(397,0,0,1),(349,0,0,1),(387,0,0,1),(261,0,0,1),(23,0,0,1),(376,0,0,1),(18,0,0,1),(421,0,0,1),(29,0,0,1),(25,0,0,1),(252,0,0,1),(412,0,0,1),(394,0,0,1),(424,0,0,1),(290,0,0,1),(231,0,0,1),(393,0,0,1),(288,0,0,1),(520,382,1,1),(316,0,0,1),(525,381,1,1),(464,0,0,1),(285,0,0,1),(304,0,0,1),(284,0,0,1),(348,0,0,1),(34,0,0,1),(30,0,0,1),(403,0,0,1),(27,0,0,1),(235,0,0,1),(418,0,0,1),(336,0,0,1),(416,0,0,1),(357,0,0,1),(28,0,0,1),(419,0,0,1),(41,0,0,1),(417,0,0,1),(427,0,0,1),(11,0,0,1),(26,0,0,1),(337,0,0,1),(365,0,0,1),(401,0,0,1),(369,0,0,1),(35,0,0,1),(16,0,0,1),(12,0,0,1),(36,0,0,1),(258,0,0,1),(414,0,0,1),(383,0,0,1),(404,0,0,1),(390,0,0,1),(426,0,0,1),(379,0,0,1),(230,0,0,1),(232,0,0,1),(392,0,0,1),(378,0,0,1),(255,0,0,1),(370,0,0,1),(253,0,0,1),(259,0,0,1),(423,0,0,1),(420,0,0,1),(425,0,0,1),(48,0,0,1),(47,0,0,1),(251,0,0,1),(356,0,0,1),(24,0,0,1),(338,0,0,1),(384,0,0,1),(262,0,0,1),(399,0,0,1),(250,0,0,1),(249,0,0,1),(428,0,0,1),(32,0,0,1),(22,0,0,1),(14,0,0,1),(398,0,0,1),(256,0,0,1),(341,0,0,1),(254,0,0,1),(339,0,0,1),(17,0,0,1),(385,0,0,1),(386,0,0,1),(233,0,0,1),(358,0,0,1),(39,0,0,1),(395,0,0,1),(257,0,0,1),(42,0,0,1),(8,0,0,1),(38,0,0,1),(355,0,0,1),(7,0,0,1),(342,0,0,1),(329,0,0,1),(454,0,0,1),(432,0,0,1),(466,0,0,1),(465,0,0,1),(354,0,0,1),(166,363,1,1),(167,363,1,1),(168,363,1,1),(70,343,1,1),(202,331,1,1),(203,331,1,1),(73,343,1,1),(205,331,1,1),(206,331,1,1),(207,331,1,1),(208,331,1,1),(209,331,1,1),(210,331,1,1),(50,0,0,1),(51,387,1,1),(52,343,1,1),(53,330,1,1),(54,330,1,1),(55,330,1,1),(56,333,1,1),(57,333,1,1),(58,333,1,1),(59,333,1,1),(60,333,1,1),(61,333,1,1),(62,333,1,1),(63,333,1,1),(64,333,1,1),(65,333,1,1),(66,333,1,1),(67,333,1,1),(69,343,1,1),(71,343,1,1),(72,343,1,1),(74,343,1,1),(75,343,1,1),(76,343,1,1),(37,0,0,1),(44,0,0,1),(368,0,0,1),(388,0,0,1),(402,0,0,1),(77,343,1,1),(78,343,1,1),(79,343,1,1),(80,343,1,1),(81,343,1,1),(82,343,1,1),(83,343,1,1),(84,343,1,1),(85,343,1,1),(86,343,1,1),(87,343,1,1),(88,343,1,1),(89,343,1,1),(90,343,1,1),(91,330,1,1),(92,330,1,1),(93,330,1,1),(94,330,1,1),(95,427,1,1),(96,427,1,1),(97,427,1,1),(98,427,1,1),(99,427,1,1),(100,427,1,1),(101,427,1,1),(102,427,1,1),(103,427,1,1),(104,427,1,1),(105,427,1,1),(106,427,1,1),(107,427,1,1),(108,427,1,1),(109,427,1,1),(110,427,1,1),(111,427,1,1),(112,427,1,1),(113,427,1,1),(114,427,1,1),(115,427,1,1),(116,427,1,1),(117,427,1,1),(118,427,1,1),(119,427,1,1),(120,427,1,1),(121,427,1,1),(122,427,1,1),(123,427,1,1),(124,427,1,1),(125,427,1,1),(126,427,1,1),(475,0,0,1),(127,427,1,1),(128,427,1,1),(129,427,1,1),(130,427,1,1),(131,427,1,1),(132,401,1,1),(133,401,1,1),(134,401,1,1),(135,400,1,1),(136,400,1,1),(137,351,1,1),(138,352,1,1),(139,353,1,1),(140,0,0,1),(141,0,0,1),(142,395,1,1),(143,395,1,1),(144,395,1,1),(145,395,1,1),(146,395,1,1),(147,395,1,1),(148,395,1,1),(149,395,1,1),(150,395,1,1),(151,395,1,1),(479,0,0,1),(490,8,1,1),(442,0,0,1),(152,395,1,1),(153,395,1,1),(154,395,1,1),(155,395,1,1),(156,395,1,1),(157,395,1,1),(158,395,1,1),(159,395,1,1),(160,360,1,1),(161,360,1,1),(162,361,1,1),(163,361,1,1),(164,362,1,1),(165,362,1,1),(169,371,1,1),(170,371,1,1),(171,372,1,1),(172,372,1,1),(173,372,1,1),(174,373,1,1),(175,373,1,1),(176,373,1,1),(177,373,1,1),(178,330,1,1),(179,374,1,1),(491,0,0,1),(500,373,1,1),(180,374,1,1),(181,374,1,1),(182,374,1,1),(183,375,1,1),(184,336,1,1),(185,336,1,1),(186,0,0,1),(187,0,0,1),(188,0,0,1),(189,0,0,1),(190,0,0,1),(191,0,0,1),(192,0,0,1),(193,337,1,1),(194,338,1,1),(195,339,1,1),(196,340,1,1),(197,341,1,1),(198,343,1,1),(199,343,1,1),(200,343,1,1),(201,343,1,1),(204,331,1,1),(211,0,0,1),(212,0,0,1),(213,0,0,1),(214,0,0,1),(215,0,0,1),(216,0,0,1),(217,0,0,1),(218,0,0,1),(219,0,0,1),(220,0,0,1),(221,381,1,1),(222,382,1,1),(223,360,1,1),(224,363,1,1),(225,0,0,1),(226,253,1,1),(227,255,1,1),(228,330,1,1),(238,0,0,1),(239,0,0,1),(240,0,0,1),(241,0,0,1),(237,0,0,1),(236,0,0,1),(245,0,0,1),(247,330,1,1),(248,343,1,1),(503,0,0,1),(6,0,0,1),(21,0,0,1),(436,0,0,1),(437,0,0,1),(438,0,0,1),(441,0,0,1),(443,0,0,1),(456,0,0,1),(459,0,0,1),(460,0,0,1),(461,0,0,1),(504,0,0,1),(505,343,1,1),(506,343,1,1),(507,362,1,1),(508,362,1,1),(509,363,1,1),(519,0,0,1),(521,331,1,1),(522,359,1,1),(523,374,1,1),(292,0,0,1),(526,0,0,1),(297,0,0,1),(527,0,0,1),(528,0,0,1),(529,0,0,1),(530,0,0,1),(299,0,0,1),(344,0,0,1),(294,0,0,1),(531,0,0,1),(469,0,0,1),(429,0,0,1),(510,0,0,1),(512,0,0,1),(552,0,0,1);

--
-- Table structure for table `wpuc_yoast_migrations`
--

CREATE TABLE `wpuc_yoast_migrations` (
  `id` int(11) unsigned NOT NULL AUTO_INCREMENT,
  `version` varchar(191) COLLATE utf8mb4_unicode_ci DEFAULT NULL,
  PRIMARY KEY (`id`),
  UNIQUE KEY `wpuc_yoast_migrations_version` (`version`)
) ENGINE=MyISAM AUTO_INCREMENT=24 DEFAULT CHARSET=utf8mb4 COLLATE=utf8mb4_unicode_ci;

--
-- Dumping data for table `wpuc_yoast_migrations`
--

INSERT INTO `wpuc_yoast_migrations` VALUES (1,'20171228151840'),(2,'20171228151841'),(3,'20190529075038'),(4,'20191011111109'),(5,'20200408101900'),(6,'20200420073606'),(7,'20200428123747'),(8,'20200428194858'),(9,'20200429105310'),(10,'20200430075614'),(11,'20200430150130'),(12,'20200507054848'),(13,'20200513133401'),(14,'20200609154515'),(15,'20200616130143'),(16,'20200617122511'),(17,'20200702141921'),(18,'20200728095334'),(19,'20201202144329'),(20,'20201216124002'),(21,'20201216141134'),(22,'20210817092415'),(23,'20211020091404');

--
-- Table structure for table `wpuc_yoast_primary_term`
--

CREATE TABLE `wpuc_yoast_primary_term` (
  `id` int(11) unsigned NOT NULL AUTO_INCREMENT,
  `post_id` bigint(20) DEFAULT NULL,
  `term_id` bigint(20) DEFAULT NULL,
  `taxonomy` varchar(32) COLLATE utf8mb4_unicode_ci NOT NULL,
  `created_at` datetime DEFAULT NULL,
  `updated_at` timestamp NOT NULL DEFAULT current_timestamp() ON UPDATE current_timestamp(),
  `blog_id` bigint(20) NOT NULL DEFAULT 1,
  PRIMARY KEY (`id`),
  KEY `post_taxonomy` (`post_id`,`taxonomy`),
  KEY `post_term` (`post_id`,`term_id`)
) ENGINE=MyISAM AUTO_INCREMENT=45 DEFAULT CHARSET=utf8mb4 COLLATE=utf8mb4_unicode_ci;

--
-- Dumping data for table `wpuc_yoast_primary_term`
--

INSERT INTO `wpuc_yoast_primary_term` VALUES (1,2756,228,'gallery-cat','2020-11-17 05:14:06','2021-12-25 03:14:07',1),(2,2757,229,'gallery-cat','2020-11-17 05:14:06','2021-12-25 03:14:06',1),(3,2758,228,'gallery-cat','2020-11-17 05:14:06','2021-12-25 03:14:07',1),(4,2759,228,'gallery-cat','2020-11-17 05:14:06','2021-12-25 03:14:07',1),(5,2760,227,'gallery-cat','2020-11-17 05:14:06','2021-12-25 03:14:06',1),(6,2740,227,'gallery-cat','2020-11-17 05:14:16','2021-12-19 11:31:51',1),(7,2741,227,'gallery-cat','2020-11-17 05:14:16','2021-12-25 03:15:32',1),(8,2742,228,'gallery-cat','2020-11-17 05:14:16','2021-12-25 03:15:32',1),(9,2743,229,'gallery-cat','2020-11-17 05:14:16','2021-12-25 03:15:32',1),(10,2744,228,'gallery-cat','2020-11-17 05:14:16','2021-12-21 01:54:12',1),(11,2747,227,'gallery-cat','2020-11-17 05:14:16','2021-12-25 03:11:20',1),(12,2748,228,'gallery-cat','2020-11-17 05:14:16','2021-12-25 03:14:07',1),(13,2749,227,'gallery-cat','2020-11-17 05:14:16','2021-12-22 17:31:56',1),(14,2750,229,'gallery-cat','2020-11-17 05:14:16','2021-12-25 03:14:07',1),(15,2752,228,'gallery-cat','2020-11-17 05:14:16','2021-12-19 07:18:33',1),(16,2753,229,'gallery-cat','2020-11-17 05:14:16','2021-12-25 03:14:07',1),(17,2754,228,'gallery-cat','2020-11-17 05:14:16','2021-12-25 03:14:07',1),(18,2191,5,'category','2020-11-17 05:14:17','2021-12-19 05:12:15',1),(19,2322,5,'category','2020-11-17 05:14:17','2021-12-19 02:13:04',1),(20,1983,192,'taxonomy_project','2020-11-17 05:14:17','2021-12-25 03:15:32',1),(21,1986,192,'taxonomy_project','2020-11-17 05:14:17','2021-12-25 03:15:32',1),(22,2193,8,'category','2020-11-17 05:14:17','2021-12-20 00:25:17',1),(23,2195,25,'category','2020-11-17 05:14:17','2021-12-20 02:32:19',1),(24,3398,51,'category','2020-11-17 05:14:17','2021-12-19 01:31:14',1),(25,3400,51,'category','2020-11-17 05:14:17','2021-12-19 01:31:14',1),(26,3401,51,'category','2020-11-17 05:14:17','2021-12-19 01:31:14',1),(27,1989,192,'taxonomy_project','2020-11-17 05:14:17','2021-12-25 03:15:32',1),(28,1991,192,'taxonomy_project','2020-11-17 05:14:17','2021-12-23 19:36:08',1),(29,1992,193,'taxonomy_project','2020-11-17 05:14:17','2021-12-20 13:13:49',1),(30,1994,194,'taxonomy_project','2020-11-17 05:14:17','2021-12-25 03:15:32',1),(31,1996,192,'taxonomy_project','2020-11-17 05:14:17','2021-12-25 03:15:32',1),(32,1998,191,'taxonomy_project','2020-11-17 05:14:17','2021-12-19 22:17:02',1),(33,2000,194,'taxonomy_project','2020-11-17 05:14:17','2021-12-25 03:15:32',1),(34,2085,193,'taxonomy_project','2020-11-17 05:14:17','2021-12-24 08:27:42',1),(35,2087,191,'taxonomy_project','2020-11-17 05:14:17','2021-12-25 03:15:32',1),(36,2089,192,'taxonomy_project','2020-11-17 05:14:17','2021-12-25 03:15:32',1),(37,2091,192,'taxonomy_project','2020-11-17 05:14:17','2021-12-25 03:15:32',1),(38,2093,193,'taxonomy_project','2020-11-17 05:14:17','2021-12-25 03:15:32',1),(39,2095,193,'taxonomy_project','2020-11-17 05:14:17','2021-12-25 03:15:32',1),(40,2097,193,'taxonomy_project','2020-11-17 05:14:17','2021-12-19 09:06:41',1),(41,2099,194,'taxonomy_project','2020-11-17 05:14:17','2021-12-24 02:01:09',1),(42,2101,193,'taxonomy_project','2020-11-17 05:14:17','2021-12-19 20:35:57',1),(43,2103,192,'taxonomy_project','2020-11-17 05:14:17','2021-12-20 02:10:26',1),(44,2104,193,'taxonomy_project','2020-11-17 05:14:17','2021-12-25 03:15:32',1);

--
-- Table structure for table `wpuc_yoast_seo_links`
--

CREATE TABLE `wpuc_yoast_seo_links` (
  `id` bigint(20) unsigned NOT NULL AUTO_INCREMENT,
  `url` varchar(255) DEFAULT NULL,
  `post_id` bigint(20) unsigned DEFAULT NULL,
  `target_post_id` bigint(20) unsigned DEFAULT NULL,
  `type` varchar(8) DEFAULT NULL,
  `indexable_id` int(11) unsigned DEFAULT NULL,
  `target_indexable_id` int(11) unsigned DEFAULT NULL,
  `height` int(11) unsigned DEFAULT NULL,
  `width` int(11) unsigned DEFAULT NULL,
  `size` int(11) unsigned DEFAULT NULL,
  `language` varchar(32) DEFAULT NULL,
  `region` varchar(32) DEFAULT NULL,
  PRIMARY KEY (`id`),
  KEY `link_direction` (`post_id`,`type`),
  KEY `indexable_link_direction` (`indexable_id`,`type`)
) ENGINE=MyISAM AUTO_INCREMENT=4262 DEFAULT CHARSET=utf8;

--
-- Dumping data for table `wpuc_yoast_seo_links`
--

INSERT INTO `wpuc_yoast_seo_links` VALUES (4212,'https://theswimzone.com/wp-content/uploads/elementor/thumbs/In-Store-Water-Testing-Lab-phwkdvrr4apesfznlw4ffj8o385e4cl8kill9f8rgg.jpg',2,NULL,'image-in',8,NULL,NULL,NULL,NULL,NULL,NULL),(255,'http://theswimzone.com/wp-content/uploads/2020/07/person-03-1.jpg',3660,1928,'image-in',330,93,270,270,3882,NULL,NULL),(254,'http://theswimzone.com/wp-content/uploads/2020/07/person-02-1.jpg',3660,1764,'image-in',330,53,270,270,4677,NULL,NULL),(253,'http://theswimzone.com/wp-content/uploads/2020/07/person-01-1.jpg',3660,1927,'image-in',330,92,270,270,4557,NULL,NULL),(252,'http://theswimzone.com/wp-content/uploads/2020/07/about-img-01-1.jpg',3660,1775,'image-in',330,54,194,270,4628,NULL,NULL),(251,'http://theswimzone.com/wp-content/uploads/2020/07/about-img-01-1.jpg',3660,1775,'image-in',330,54,194,270,4628,NULL,NULL),(250,'http://theswimzone.com/wp-content/uploads/2020/07/about-img-03-1.jpg',3660,2542,'image-in',330,178,594,1170,45968,NULL,NULL),(4259,'https://theswimzone.com/wp-content/plugins/wpforms/assets/images/submit-spin.svg',23,NULL,'image-in',335,NULL,NULL,NULL,NULL,NULL,NULL),(4245,'https://theswimzone.com/pool-services/pool-closing/',3661,2511,'internal',331,362,NULL,NULL,NULL,NULL,NULL),(4246,'https://theswimzone.com/wp-content/uploads/2021/12/Closing-Pool.jpg',3661,3948,'image-in',331,505,357,587,57699,NULL,NULL),(4244,'https://theswimzone.com/wp-content/uploads/2020/12/Pool-Maintenance-scaled-e1609356734886.jpeg',3661,3729,'image-in',331,458,226,371,29039,NULL,NULL),(4257,'https://theswimzone.com/pool-services/equipment-install/',2540,2503,'internal',374,359,NULL,NULL,NULL,NULL,NULL),(4256,'https://theswimzone.com/pool-services/repair/',2540,2714,'internal',374,381,NULL,NULL,NULL,NULL,NULL),(4242,'https://theswimzone.com/pool-services/pool-opening/',3661,2719,'internal',331,382,NULL,NULL,NULL,NULL,NULL),(4243,'https://theswimzone.com/wp-content/uploads/2021/12/Pool-Opening-Home-Page.jpg',3661,3944,'image-in',331,504,608,998,268812,NULL,NULL),(4253,'https://theswimzone.com/pool-services/pool-opening/',2540,2719,'internal',374,382,NULL,NULL,NULL,NULL,NULL),(4254,'https://theswimzone.com/pool-services/pool-closing/',2540,2511,'internal',374,362,NULL,NULL,NULL,NULL,NULL),(4255,'https://theswimzone.com/pool-services/pool-maintenance/',2540,2522,'internal',374,363,NULL,NULL,NULL,NULL,NULL),(275,'#',3661,NULL,'internal',331,NULL,NULL,NULL,NULL,NULL,NULL),(4260,'https://www.hilkom-digital.de/cheap-seo-packages/',4121,NULL,'external',546,NULL,NULL,NULL,NULL,NULL,NULL),(4261,'https://www.digital-x-press.com/product/150-dofollow-backlinks/',4138,NULL,'external',562,NULL,NULL,NULL,NULL,NULL,NULL),(4201,'https://theswimzone.com/pool-services/residential-pool-service/',3661,2425,'internal',331,351,NULL,NULL,NULL,NULL,NULL),(4249,'https://theswimzone.com/wp-content/uploads/2020/12/Equipment-Installation-scaled.jpeg',3661,3731,'image-in',331,459,1559,2560,865186,NULL,NULL),(4241,'https://theswimzone.com/wp-content/uploads/2021/12/Pool-Repair-scaled.jpg',3661,4006,'image-in',331,521,1559,2560,818235,NULL,NULL),(4202,'https://theswimzone.com/pool-services/pool-maintenance/',3661,2522,'internal',331,363,NULL,NULL,NULL,NULL,NULL),(4203,'https://theswimzone.com/pool-services/pool-maintenance/',3661,2522,'internal',331,363,NULL,NULL,NULL,NULL,NULL),(4200,'https://theswimzone.com/pool-services/residential-pool-service/',3661,2425,'internal',331,351,NULL,NULL,NULL,NULL,NULL),(288,'#',15,NULL,'internal',332,NULL,NULL,NULL,NULL,NULL,NULL),(289,'http://smartdata.tonytemplates.com/poolservice/elementor/coupon/',15,NULL,'external',332,NULL,NULL,NULL,NULL,NULL,NULL),(290,'http://smartdata.tonytemplates.com/poolservice/elementor/coupon/',15,NULL,'external',332,NULL,NULL,NULL,NULL,NULL,NULL),(291,'http://smartdata.tonytemplates.com/poolservice/elementor/coupon/',15,NULL,'external',332,NULL,NULL,NULL,NULL,NULL,NULL),(292,'http://smartdata.tonytemplates.com/poolservice/elementor/pool-services/repair/',15,NULL,'external',332,NULL,NULL,NULL,NULL,NULL,NULL),(293,'http://smartdata.tonytemplates.com/poolservice/elementor/pool-services/renovations/',15,NULL,'external',332,NULL,NULL,NULL,NULL,NULL,NULL),(294,'http://smartdata.tonytemplates.com/poolservice/elementor/pool-services/equipment-install/',15,NULL,'external',332,NULL,NULL,NULL,NULL,NULL,NULL),(295,'http://smartdata.tonytemplates.com/poolservice/elementor/pool-services/interior-pool-surface/',15,NULL,'external',332,NULL,NULL,NULL,NULL,NULL,NULL),(302,'http://theswimzone.com/wp-content/uploads/2020/07/category-img-05-1.jpg',15,1887,'image-in',332,74,226,371,4271,NULL,NULL),(301,'http://theswimzone.com/wp-content/uploads/2020/07/category-img-04-2.jpg',15,1886,'image-in',332,73,226,371,6588,NULL,NULL),(300,'http://theswimzone.com/wp-content/uploads/2020/07/category-img-03-1-1.jpg',15,2659,'image-in',332,203,226,371,5733,NULL,NULL),(299,'http://theswimzone.com/wp-content/uploads/2020/07/category-img-02-2.jpg',15,1883,'image-in',332,72,226,371,5534,NULL,NULL),(298,'http://theswimzone.com/wp-content/uploads/2020/07/category-img-01-1.jpg',15,1880,'image-in',332,70,226,371,5934,NULL,NULL),(297,'http://smartdata.tonytemplates.com/poolservice/elementor/pool-services/pool-tile/',15,NULL,'external',332,NULL,NULL,NULL,NULL,NULL,NULL),(296,'http://smartdata.tonytemplates.com/poolservice/elementor/pool-services/pressure-wash/',15,NULL,'external',332,NULL,NULL,NULL,NULL,NULL,NULL),(338,'http://theswimzone.com/wp-content/uploads/2020/07/gallery-img-15-3.jpg',17,2152,'image-in',333,125,638,400,14307,NULL,NULL),(337,'http://theswimzone.com/wp-content/uploads/2020/07/gallery-img-14-3.jpg',17,1798,'image-in',333,62,638,800,37806,NULL,NULL),(336,'http://theswimzone.com/wp-content/uploads/2020/07/gallery-img-13-2.jpg',17,1907,'image-in',333,84,638,800,22941,NULL,NULL),(335,'http://theswimzone.com/wp-content/uploads/2020/07/gallery-img-12-2.jpg',17,1904,'image-in',333,83,638,800,38420,NULL,NULL),(334,'http://theswimzone.com/wp-content/uploads/2020/07/gallery-img-11-2.jpg',17,1910,'image-in',333,87,638,400,12409,NULL,NULL),(333,'http://theswimzone.com/wp-content/uploads/2020/07/gallery-img-10-1.jpg',17,2147,'image-in',333,120,638,800,24547,NULL,NULL),(332,'http://theswimzone.com/wp-content/uploads/2020/07/gallery-img-09-1.jpg',17,2146,'image-in',333,119,638,800,35225,NULL,NULL),(331,'http://theswimzone.com/wp-content/uploads/2020/07/gallery-img-08-2.jpg',17,1793,'image-in',333,58,638,800,40782,NULL,NULL),(330,'http://theswimzone.com/wp-content/uploads/2020/07/gallery-img-05-1-2.jpg',17,2761,'image-in',333,227,319,800,19082,NULL,NULL),(329,'http://theswimzone.com/wp-content/uploads/2020/07/gallery-img-07-2.jpg',17,1915,'image-in',333,90,638,400,15370,NULL,NULL),(328,'http://theswimzone.com/wp-content/uploads/2020/07/gallery-img-06-2.jpg',17,1899,'image-in',333,79,638,800,27628,NULL,NULL),(327,'http://theswimzone.com/wp-content/uploads/2020/07/gallery-img-04-2.jpg',17,1805,'image-in',333,66,638,800,36071,NULL,NULL),(326,'http://theswimzone.com/wp-content/uploads/2020/07/gallery-img-03-2.jpg',17,1898,'image-in',333,78,638,800,29112,NULL,NULL),(325,'http://theswimzone.com/wp-content/uploads/2020/07/gallery-img-02-1.jpg',17,2139,'image-in',333,112,638,800,31823,NULL,NULL),(304,'http://theswimzone.com/wp-content/uploads/2020/07/gallery-img-01-1.jpg',17,2138,'internal',333,111,NULL,NULL,NULL,NULL,NULL),(305,'http://theswimzone.com/wp-content/uploads/2020/07/gallery-img-02-1.jpg',17,2139,'internal',333,112,NULL,NULL,NULL,NULL,NULL),(306,'http://theswimzone.com/wp-content/uploads/2020/07/gallery-img-03-2.jpg',17,1898,'internal',333,78,NULL,NULL,NULL,NULL,NULL),(307,'http://theswimzone.com/wp-content/uploads/2020/07/gallery-img-04-2.jpg',17,1805,'internal',333,66,NULL,NULL,NULL,NULL,NULL),(308,'http://theswimzone.com/wp-content/uploads/2020/07/gallery-img-06-2.jpg',17,1899,'internal',333,79,NULL,NULL,NULL,NULL,NULL),(309,'http://theswimzone.com/wp-content/uploads/2020/07/gallery-img-07-2.jpg',17,1915,'internal',333,90,NULL,NULL,NULL,NULL,NULL),(310,'http://theswimzone.com/wp-content/uploads/2020/07/gallery-img-05-1-2.jpg',17,2761,'internal',333,227,NULL,NULL,NULL,NULL,NULL),(311,'http://theswimzone.com/wp-content/uploads/2020/07/gallery-img-08-2.jpg',17,1793,'internal',333,58,NULL,NULL,NULL,NULL,NULL),(312,'http://theswimzone.com/wp-content/uploads/2020/07/gallery-img-09-1.jpg',17,2146,'internal',333,119,NULL,NULL,NULL,NULL,NULL),(313,'http://theswimzone.com/wp-content/uploads/2020/07/gallery-img-10-1.jpg',17,2147,'internal',333,120,NULL,NULL,NULL,NULL,NULL),(314,'http://theswimzone.com/wp-content/uploads/2020/07/gallery-img-11-2.jpg',17,1910,'internal',333,87,NULL,NULL,NULL,NULL,NULL),(315,'http://theswimzone.com/wp-content/uploads/2020/07/gallery-img-12-2.jpg',17,1904,'internal',333,83,NULL,NULL,NULL,NULL,NULL),(316,'http://theswimzone.com/wp-content/uploads/2020/07/gallery-img-13-2.jpg',17,1907,'internal',333,84,NULL,NULL,NULL,NULL,NULL),(317,'http://theswimzone.com/wp-content/uploads/2020/07/gallery-img-14-3.jpg',17,1798,'internal',333,62,NULL,NULL,NULL,NULL,NULL),(318,'http://theswimzone.com/wp-content/uploads/2020/07/gallery-img-15-3.jpg',17,2152,'internal',333,125,NULL,NULL,NULL,NULL,NULL),(319,'http://theswimzone.com/wp-content/uploads/2020/07/gallery-img-16-1.jpg',17,2153,'internal',333,126,NULL,NULL,NULL,NULL,NULL),(320,'http://theswimzone.com/wp-content/uploads/2020/07/gallery-img-17-1.jpg',17,2154,'internal',333,127,NULL,NULL,NULL,NULL,NULL),(321,'http://theswimzone.com/wp-content/uploads/2020/07/gallery-img-18-2.jpg',17,1794,'internal',333,59,NULL,NULL,NULL,NULL,NULL),(322,'http://theswimzone.com/wp-content/uploads/2020/07/gallery-img-19-1.jpg',17,2156,'internal',333,129,NULL,NULL,NULL,NULL,NULL),(323,'http://theswimzone.com/wp-content/uploads/2020/07/gallery-img-20-2.jpg',17,1797,'internal',333,61,NULL,NULL,NULL,NULL,NULL),(324,'http://theswimzone.com/wp-content/uploads/2020/07/gallery-img-01-1.jpg',17,2138,'image-in',333,111,638,800,32370,NULL,NULL),(3894,'mailto:Info@theswimzone.com',23,NULL,'external',335,NULL,NULL,NULL,NULL,NULL,NULL),(3895,'http://www.TheSwimZone.com',23,NULL,'external',335,NULL,NULL,NULL,NULL,NULL,NULL),(1300,'http://theswimzone.com/wp-content/uploads/2020/07/gallery-img-16-1.jpg',3698,2153,'image-in',453,126,638,800,35926,NULL,NULL),(1299,'http://theswimzone.com/wp-content/uploads/2020/07/gallery-img-18-2.jpg',3698,1794,'image-in',453,59,638,800,35726,NULL,NULL),(1298,'http://theswimzone.com/wp-content/uploads/2020/07/gallery-img-14-3.jpg',3698,1798,'image-in',453,62,638,800,37806,NULL,NULL),(1293,'http://theswimzone.com/wp-content/uploads/2020/07/gallery-img-09-1.jpg',3698,2146,'image-in',453,119,638,800,35225,NULL,NULL),(1294,'http://theswimzone.com/wp-content/uploads/2020/07/gallery-img-10-1.jpg',3698,2147,'image-in',453,120,638,800,24547,NULL,NULL),(1295,'http://theswimzone.com/wp-content/uploads/2020/07/gallery-img-08-3.jpg',3698,2145,'image-in',453,118,638,800,40782,NULL,NULL),(1296,'http://theswimzone.com/wp-content/uploads/2020/07/gallery-img-12-2.jpg',3698,1904,'image-in',453,83,638,800,38420,NULL,NULL),(1297,'http://theswimzone.com/wp-content/uploads/2020/07/gallery-img-13-2.jpg',3698,1907,'image-in',453,84,638,800,22941,NULL,NULL),(1292,'http://theswimzone.com/wp-content/uploads/2020/07/gallery-img-08-3.jpg',3698,2145,'image-in',453,118,638,800,40782,NULL,NULL),(1291,'http://theswimzone.com/wp-content/uploads/2020/07/gallery-img-02-1.jpg',3698,2139,'image-in',453,112,638,800,31823,NULL,NULL),(1289,'http://theswimzone.com/wp-content/uploads/2020/07/gallery-img-01-1.jpg',3698,2138,'image-in',453,111,638,800,32370,NULL,NULL),(1290,'http://theswimzone.com/wp-content/uploads/2020/07/gallery-img-06-3.jpg',3698,2143,'image-in',453,116,638,800,27628,NULL,NULL),(1287,'http://theswimzone.com/wp-content/uploads/2020/07/gallery-img-03-3.jpg',3698,2140,'image-in',453,113,638,800,29112,NULL,NULL),(1288,'http://theswimzone.com/wp-content/uploads/2020/07/gallery-img-04-2.jpg',3698,1805,'image-in',453,66,638,800,36071,NULL,NULL),(1286,'http://theswimzone.com/wp-content/uploads/2020/07/gallery-img-02-1.jpg',3698,2139,'image-in',453,112,638,800,31823,NULL,NULL),(1285,'http://theswimzone.com/wp-content/uploads/2020/07/gallery-img-01-1.jpg',3698,2138,'image-in',453,111,638,800,32370,NULL,NULL),(1284,'http://theswimzone.com/wp-content/uploads/2020/07/news-img-03-1.jpg',3698,2651,'image-in',453,201,226,370,6180,NULL,NULL),(1283,'http://theswimzone.com/wp-content/uploads/2020/07/news-img-02-1.jpg',3698,2650,'image-in',453,200,226,370,6294,NULL,NULL),(1282,'http://theswimzone.com/wp-content/uploads/2020/07/news-img-01-1.jpg',3698,2648,'image-in',453,199,226,370,6934,NULL,NULL),(1281,'http://theswimzone.com/wp-content/uploads/2020/07/category-img-06-1.jpg',3698,1888,'image-in',453,75,226,371,5227,NULL,NULL),(1280,'http://theswimzone.com/wp-content/uploads/2020/07/category-img-05-1.jpg',3698,1887,'image-in',453,74,226,371,4271,NULL,NULL),(1279,'http://theswimzone.com/wp-content/uploads/2020/07/category-img-04-2.jpg',3698,1886,'image-in',453,73,226,371,6588,NULL,NULL),(1278,'http://theswimzone.com/wp-content/uploads/2020/07/category-img-03-1-1.jpg',3698,2659,'image-in',453,203,226,371,5733,NULL,NULL),(1277,'http://theswimzone.com/wp-content/uploads/2020/07/category-img-02-2.jpg',3698,1883,'image-in',453,72,226,371,5534,NULL,NULL),(1276,'http://theswimzone.com/wp-content/uploads/2020/07/category-img-01-1.jpg',3698,1880,'image-in',453,70,226,371,5934,NULL,NULL),(1275,'http://theswimzone.com/wp-content/uploads/2020/07/slide3-1.jpg',3698,1716,'image-in',453,52,785,1920,78881,NULL,NULL),(1274,'http://theswimzone.com/wp-content/uploads/2020/07/slide1-1.jpg',3698,1877,'image-in',453,68,785,1920,64953,NULL,NULL),(1273,'http://theswimzone.com/wp-content/uploads/2020/07/slide2-1.jpg',3698,1878,'image-in',453,69,785,1920,51608,NULL,NULL),(1272,'http://smartdata.tonytemplates.com/poolservices/elementor/gallery/',3698,NULL,'external',453,NULL,NULL,NULL,NULL,NULL,NULL),(1270,'http://theswimzone.com/wp-content/uploads/2020/07/gallery-img-18-2.jpg',3698,1794,'internal',453,59,NULL,NULL,NULL,NULL,NULL),(1271,'http://theswimzone.com/wp-content/uploads/2020/07/gallery-img-16-1.jpg',3698,2153,'internal',453,126,NULL,NULL,NULL,NULL,NULL),(1268,'http://theswimzone.com/wp-content/uploads/2020/07/gallery-img-13-2.jpg',3698,1907,'internal',453,84,NULL,NULL,NULL,NULL,NULL),(1269,'http://theswimzone.com/wp-content/uploads/2020/07/gallery-img-14-3.jpg',3698,1798,'internal',453,62,NULL,NULL,NULL,NULL,NULL),(1267,'http://theswimzone.com/wp-content/uploads/2020/07/gallery-img-12-2.jpg',3698,1904,'internal',453,83,NULL,NULL,NULL,NULL,NULL),(1266,'http://theswimzone.com/wp-content/uploads/2020/07/gallery-img-08-3.jpg',3698,2145,'internal',453,118,NULL,NULL,NULL,NULL,NULL),(1265,'http://theswimzone.com/wp-content/uploads/2020/07/gallery-img-10-1.jpg',3698,2147,'internal',453,120,NULL,NULL,NULL,NULL,NULL),(1264,'http://theswimzone.com/wp-content/uploads/2020/07/gallery-img-09-1.jpg',3698,2146,'internal',453,119,NULL,NULL,NULL,NULL,NULL),(1263,'http://theswimzone.com/wp-content/uploads/2020/07/gallery-img-08-3.jpg',3698,2145,'internal',453,118,NULL,NULL,NULL,NULL,NULL),(1262,'http://theswimzone.com/wp-content/uploads/2020/07/gallery-img-02-1.jpg',3698,2139,'internal',453,112,NULL,NULL,NULL,NULL,NULL),(1261,'http://theswimzone.com/wp-content/uploads/2020/07/gallery-img-06-3.jpg',3698,2143,'internal',453,116,NULL,NULL,NULL,NULL,NULL),(1260,'http://theswimzone.com/wp-content/uploads/2020/07/gallery-img-01-1.jpg',3698,2138,'internal',453,111,NULL,NULL,NULL,NULL,NULL),(1259,'http://theswimzone.com/wp-content/uploads/2020/07/gallery-img-04-2.jpg',3698,1805,'internal',453,66,NULL,NULL,NULL,NULL,NULL),(1258,'http://theswimzone.com/wp-content/uploads/2020/07/gallery-img-03-3.jpg',3698,2140,'internal',453,113,NULL,NULL,NULL,NULL,NULL),(1257,'http://theswimzone.com/wp-content/uploads/2020/07/gallery-img-02-1.jpg',3698,2139,'internal',453,112,NULL,NULL,NULL,NULL,NULL),(1255,'http://theswimzone.com/2020/05/19/automatic-cleaners-redefine-service-efficiency/',3698,3401,'internal',453,408,NULL,NULL,NULL,NULL,NULL),(1256,'http://theswimzone.com/wp-content/uploads/2020/07/gallery-img-01-1.jpg',3698,2138,'internal',453,111,NULL,NULL,NULL,NULL,NULL),(1254,'http://theswimzone.com/2020/05/19/automatic-cleaners-redefine-service-efficiency/',3698,3401,'internal',453,408,NULL,NULL,NULL,NULL,NULL),(1253,'http://theswimzone.com/2020/05/19/pool-renovation-special/',3698,3400,'internal',453,407,NULL,NULL,NULL,NULL,NULL),(1491,'http://theswimzone.com/wp-content/uploads/2020/11/Tommy-1-600x450.jpeg',3681,3681,'image-in',449,449,1800,2400,1627658,NULL,NULL),(1490,'http://theswimzone.com/wp-content/uploads/2020/07/slide1-1-300x123.jpg',1877,1877,'image-in',68,68,785,1920,64953,NULL,NULL),(162,'http://smartdata.tonytemplates.com/poolservice/wp-admin/',3662,NULL,'external',348,NULL,NULL,NULL,NULL,NULL,NULL),(423,'http://theswimzone.com/wp-content/uploads/2020/07/blog-post-img-2-3.jpg',2028,2196,'image-in',350,132,483,870,25896,NULL,NULL),(422,'http://theswimzone.com/wp-content/uploads/2020/07/blog-post-img-3-1.jpg',2028,2209,'image-in',350,135,483,870,23668,NULL,NULL),(421,'http://theswimzone.com/wp-content/uploads/2020/07/blog-post-img-3-1.jpg',2028,2209,'image-in',350,135,483,870,23668,NULL,NULL),(420,'http://smartdata.tonytemplates.com/poolservice/2016/12/19/two-important-milestones-2/',2028,NULL,'external',350,NULL,NULL,NULL,NULL,NULL,NULL),(419,'http://smartdata.tonytemplates.com/poolservice/2016/12/19/two-important-milestones-2/',2028,NULL,'external',350,NULL,NULL,NULL,NULL,NULL,NULL),(418,'http://theswimzone.com/wp-content/uploads/2020/07/blog-post-img-2-2-1.jpg',2028,2198,'internal',350,134,NULL,NULL,NULL,NULL,NULL),(417,'http://theswimzone.com/wp-content/uploads/2020/07/blog-post-img-2-1-1.jpg',2028,2197,'internal',350,133,NULL,NULL,NULL,NULL,NULL),(416,'http://theswimzone.com/wp-content/uploads/2020/07/blog-post-img-2-3.jpg',2028,2196,'internal',350,132,NULL,NULL,NULL,NULL,NULL),(407,'http://smartdata.tonytemplates.com/poolservice/2016/11/22/hello-world/',2028,NULL,'external',350,NULL,NULL,NULL,NULL,NULL,NULL),(408,'http://smartdata.tonytemplates.com/poolservice/2016/11/22/hello-world/',2028,NULL,'external',350,NULL,NULL,NULL,NULL,NULL,NULL),(409,'http://smartdata.tonytemplates.com/poolservice/2016/12/18/two-important-milestones-copy/',2028,NULL,'external',350,NULL,NULL,NULL,NULL,NULL,NULL),(410,'http://smartdata.tonytemplates.com/poolservice/2016/12/18/two-important-milestones-copy/',2028,NULL,'external',350,NULL,NULL,NULL,NULL,NULL,NULL),(411,'http://smartdata.tonytemplates.com/poolservice/2016/12/19/two-important-milestones/',2028,NULL,'external',350,NULL,NULL,NULL,NULL,NULL,NULL),(412,'http://www.poolserviceslink.com',2028,NULL,'external',350,NULL,NULL,NULL,NULL,NULL,NULL),(413,'http://smartdata.tonytemplates.com/poolservice/2016/12/19/two-important-milestones/',2028,NULL,'external',350,NULL,NULL,NULL,NULL,NULL,NULL),(414,'http://smartdata.tonytemplates.com/poolservice/2016/12/19/two-important-milestones/',2028,NULL,'external',350,NULL,NULL,NULL,NULL,NULL,NULL),(415,'http://smartdata.tonytemplates.com/poolservice/2016/12/19/two-important-milestones/#more-2191',2028,NULL,'external',350,NULL,NULL,NULL,NULL,NULL,NULL),(426,'#',2425,NULL,'internal',351,NULL,NULL,NULL,NULL,NULL,NULL),(427,'#',2427,NULL,'internal',352,NULL,NULL,NULL,NULL,NULL,NULL),(428,'#',2431,NULL,'internal',353,NULL,NULL,NULL,NULL,NULL,NULL),(185,'http://theswimzone.com',2459,NULL,'internal',358,NULL,NULL,NULL,NULL,NULL,NULL),(186,'http://theswimzone.com/orders/',2459,NULL,'internal',358,NULL,NULL,NULL,NULL,NULL,NULL),(187,'http://theswimzone.com/downloads/',2459,NULL,'internal',358,NULL,NULL,NULL,NULL,NULL,NULL),(188,'http://theswimzone.com/edit-address/',2459,NULL,'internal',358,NULL,NULL,NULL,NULL,NULL,NULL),(189,'http://theswimzone.com/edit-account/',2459,NULL,'internal',358,NULL,NULL,NULL,NULL,NULL,NULL),(190,'http://theswimzone.com/customer-logout/?_wpnonce=eb89a275e8',2459,NULL,'internal',358,NULL,NULL,NULL,NULL,NULL,NULL),(191,'http://theswimzone.com/customer-logout/?_wpnonce=eb89a275e8',2459,NULL,'internal',358,NULL,NULL,NULL,NULL,NULL,NULL),(192,'/orders/',2459,NULL,'internal',358,NULL,NULL,NULL,NULL,NULL,NULL),(193,'/edit-address/',2459,NULL,'internal',358,NULL,NULL,NULL,NULL,NULL,NULL),(194,'/edit-account/',2459,NULL,'internal',358,NULL,NULL,NULL,NULL,NULL,NULL),(429,'#',2503,NULL,'internal',359,NULL,NULL,NULL,NULL,NULL,NULL),(430,'#',2505,NULL,'internal',360,NULL,NULL,NULL,NULL,NULL,NULL),(431,'http://theswimzone.com/wp-content/uploads/2020/07/img-service-04-1-1.jpg',2505,2506,'image-in',360,160,271,271,3750,NULL,NULL),(432,'http://theswimzone.com/wp-content/uploads/2020/07/img-service-04-2-1.jpg',2505,2507,'image-in',360,161,271,271,5410,NULL,NULL),(433,'#',2508,NULL,'internal',361,NULL,NULL,NULL,NULL,NULL,NULL),(434,'http://theswimzone.com/wp-content/uploads/2020/07/img-service-05-1-1.jpg',2508,2510,'image-in',361,163,275,271,4653,NULL,NULL),(435,'#',2511,NULL,'internal',362,NULL,NULL,NULL,NULL,NULL,NULL),(437,'#',2522,NULL,'internal',363,NULL,NULL,NULL,NULL,NULL,NULL),(4185,'https://theswimzone.com/wp-content/uploads/2020/07/img-service-07-3-1.jpg',2522,2525,'image-in',363,168,262,271,5832,NULL,NULL),(4184,'https://theswimzone.com/wp-content/uploads/2020/07/img-service-07-2-1.jpg',2522,2524,'image-in',363,167,262,271,5991,NULL,NULL),(207,'javascript:void(0)',2579,NULL,'external',364,NULL,NULL,NULL,NULL,NULL,NULL),(208,'javascript:void(0)',2579,NULL,'external',364,NULL,NULL,NULL,NULL,NULL,NULL),(209,'javascript:void(0)',2579,NULL,'external',364,NULL,NULL,NULL,NULL,NULL,NULL),(210,'javascript:void(0)',2579,NULL,'external',364,NULL,NULL,NULL,NULL,NULL,NULL),(211,'javascript:void(0)',2579,NULL,'external',364,NULL,NULL,NULL,NULL,NULL,NULL),(212,'javascript:void(0)',2579,NULL,'external',364,NULL,NULL,NULL,NULL,NULL,NULL),(213,'#',2579,NULL,'internal',364,NULL,NULL,NULL,NULL,NULL,NULL),(214,'http://theswimzone.com/wp-content/uploads/2020/07/coupon-1-2.jpg',2579,2570,'image-in',364,184,155,550,6366,NULL,NULL),(215,'http://theswimzone.com/wp-content/uploads/2020/07/logo-coupon-7.png',2579,2571,'image-in',364,185,65,123,2054,NULL,NULL),(216,'http://theswimzone.com/wp-content/uploads/2020/07/ajax-loader.gif',2579,3652,'image-in',364,245,32,32,4178,NULL,NULL),(217,'http://theswimzone.com/wp-content/uploads/2020/07/coupon-2-1.jpg',2579,2574,'image-in',364,187,155,550,6122,NULL,NULL),(218,'http://theswimzone.com/wp-content/uploads/2020/07/logo-coupon-2-1.png',2579,2588,'image-in',364,193,65,123,2054,NULL,NULL),(219,'http://theswimzone.com/wp-content/uploads/2020/07/ajax-loader.gif',2579,3652,'image-in',364,245,32,32,4178,NULL,NULL),(220,'http://theswimzone.com/wp-content/uploads/2020/07/coupon-3-1.jpg',2579,2575,'image-in',364,188,155,550,6045,NULL,NULL),(221,'http://theswimzone.com/wp-content/uploads/2020/07/logo-coupon-3-1.png',2579,2591,'image-in',364,194,65,123,2054,NULL,NULL),(222,'http://theswimzone.com/wp-content/uploads/2020/07/ajax-loader.gif',2579,3652,'image-in',364,245,32,32,4178,NULL,NULL),(223,'http://theswimzone.com/wp-content/uploads/2020/07/coupon-4-1.jpg',2579,2576,'image-in',364,189,155,550,5691,NULL,NULL),(224,'http://theswimzone.com/wp-content/uploads/2020/07/logo-coupon-4-1.png',2579,2593,'image-in',364,195,65,123,2054,NULL,NULL),(225,'http://theswimzone.com/wp-content/uploads/2020/07/ajax-loader.gif',2579,3652,'image-in',364,245,32,32,4178,NULL,NULL),(226,'http://theswimzone.com/wp-content/uploads/2020/07/coupon-5-1.jpg',2579,2577,'image-in',364,190,155,550,5838,NULL,NULL),(227,'http://theswimzone.com/wp-content/uploads/2020/07/logo-coupon-5-1.png',2579,2595,'image-in',364,196,65,123,2054,NULL,NULL),(228,'http://theswimzone.com/wp-content/uploads/2020/07/ajax-loader.gif',2579,3652,'image-in',364,245,32,32,4178,NULL,NULL),(229,'http://theswimzone.com/wp-content/uploads/2020/07/coupon-6-1.jpg',2579,2578,'image-in',364,191,155,550,6681,NULL,NULL),(230,'http://theswimzone.com/wp-content/uploads/2020/07/logo-coupon-6-1.png',2579,2597,'image-in',364,197,65,123,2054,NULL,NULL),(231,'http://theswimzone.com/wp-content/uploads/2020/07/ajax-loader.gif',2579,3652,'image-in',364,245,32,32,4178,NULL,NULL),(232,'http://smartdata.tonytemplates.com/poolservice/elementor/wp-admin/',3651,NULL,'external',366,NULL,NULL,NULL,NULL,NULL,NULL),(441,'#',2526,NULL,'internal',371,NULL,NULL,NULL,NULL,NULL,NULL),(442,'http://theswimzone.com/wp-content/uploads/2020/07/img-service-08-1-1.jpg',2526,2527,'image-in',371,169,262,271,5273,NULL,NULL),(443,'#',2529,NULL,'internal',372,NULL,NULL,NULL,NULL,NULL,NULL),(444,'http://theswimzone.com/wp-content/uploads/2020/07/img-service-09-1-1.jpg',2529,2530,'image-in',372,171,262,270,4499,NULL,NULL),(445,'http://theswimzone.com/wp-content/uploads/2020/07/img-service-09-2-1.jpg',2529,2532,'image-in',372,172,142,148,10724,NULL,NULL),(4161,'#',2535,2934,'internal',373,343,NULL,NULL,NULL,NULL,NULL),(4162,'https://theswimzone.com/wp-content/uploads/2020/07/img-service-10-1-1.jpg',2535,2536,'image-in',373,174,262,271,4829,NULL,NULL),(4163,'https://theswimzone.com/wp-content/uploads/2020/07/img-service-10-2-1.jpg',2535,2537,'image-in',373,175,262,271,3949,NULL,NULL),(4164,'https://theswimzone.com/wp-content/uploads/2020/07/img-service-10-3-1.jpg',2535,2538,'image-in',373,176,262,271,4675,NULL,NULL),(450,'#',2540,NULL,'internal',374,NULL,NULL,NULL,NULL,NULL,NULL),(454,'#',2552,NULL,'internal',375,NULL,NULL,NULL,NULL,NULL,NULL),(455,'#',2714,NULL,'internal',381,NULL,NULL,NULL,NULL,NULL,NULL),(456,'#',2719,NULL,'internal',382,NULL,NULL,NULL,NULL,NULL,NULL),(4258,'https://theswimzone.com/wp-content/uploads/2020/11/Artboard-1.png',23,3673,'image-in',335,442,1800,1800,97987,NULL,NULL),(256,'http://theswimzone.com/wp-content/uploads/2020/07/person-04-1.jpg',3660,1929,'image-in',330,94,270,270,4464,NULL,NULL),(4248,'https://theswimzone.com/pool-services/equipment-install/',3661,2503,'internal',331,359,NULL,NULL,NULL,NULL,NULL),(4247,'https://theswimzone.com/wp-content/uploads/2021/12/Residential-Pool-Maintenance.jpg',3661,3958,'image-in',331,506,608,998,249548,NULL,NULL),(4240,'https://theswimzone.com/pool-services/repair/',3661,2714,'internal',331,381,NULL,NULL,NULL,NULL,NULL),(303,'http://theswimzone.com/wp-content/uploads/2020/07/category-img-06-1.jpg',15,1888,'image-in',332,75,226,371,5227,NULL,NULL),(339,'http://theswimzone.com/wp-content/uploads/2020/07/gallery-img-16-1.jpg',17,2153,'image-in',333,126,638,800,35926,NULL,NULL),(340,'http://theswimzone.com/wp-content/uploads/2020/07/gallery-img-17-1.jpg',17,2154,'image-in',333,127,638,800,33162,NULL,NULL),(341,'http://theswimzone.com/wp-content/uploads/2020/07/gallery-img-18-2.jpg',17,1794,'image-in',333,59,638,800,35726,NULL,NULL),(342,'http://theswimzone.com/wp-content/uploads/2020/07/gallery-img-19-1.jpg',17,2156,'image-in',333,129,638,800,26609,NULL,NULL),(343,'http://theswimzone.com/wp-content/uploads/2020/07/gallery-img-20-2.jpg',17,1797,'image-in',333,61,638,800,37885,NULL,NULL),(424,'http://theswimzone.com/wp-content/uploads/2020/07/blog-post-img-2-1-1.jpg',2028,2197,'image-in',350,133,483,870,24870,NULL,NULL),(425,'http://theswimzone.com/wp-content/uploads/2020/07/blog-post-img-2-2-1.jpg',2028,2198,'image-in',350,134,483,870,24885,NULL,NULL),(4183,'https://theswimzone.com/wp-content/uploads/2020/07/img-service-07-1-1.jpg',2522,2523,'image-in',363,166,262,271,5905,NULL,NULL),(4250,'https://theswimzone.com/wp-content/uploads/2020/07/img-service-11-1-1.jpg',2540,2544,'image-in',374,179,245,271,6441,NULL,NULL),(4251,'https://theswimzone.com/wp-content/uploads/2020/07/img-service-11-2-1.jpg',2540,2545,'image-in',374,180,245,271,4549,NULL,NULL),(4252,'https://theswimzone.com/wp-content/uploads/2020/07/img-service-11-3-1.jpg',2540,2546,'image-in',374,181,245,271,5657,NULL,NULL),(1252,'http://theswimzone.com/2020/05/19/pool-renovation-special/',3698,3400,'internal',453,407,NULL,NULL,NULL,NULL,NULL),(1251,'http://theswimzone.com/2020/05/19/now-scheduling-2017-weekly-maintenance-service/',3698,3398,'internal',453,406,NULL,NULL,NULL,NULL,NULL),(1250,'http://theswimzone.com/2020/05/19/now-scheduling-2017-weekly-maintenance-service/',3698,3398,'internal',453,406,NULL,NULL,NULL,NULL,NULL),(1249,'http://smartdata.tonytemplates.com/poolservice/elementor/pool-services/pool-tile/',3698,NULL,'external',453,NULL,NULL,NULL,NULL,NULL,NULL),(1248,'http://smartdata.tonytemplates.com/poolservice/elementor/pool-services/pressure-wash/',3698,NULL,'external',453,NULL,NULL,NULL,NULL,NULL,NULL),(1247,'http://smartdata.tonytemplates.com/poolservice/elementor/pool-services/interior-pool-surface/',3698,NULL,'external',453,NULL,NULL,NULL,NULL,NULL,NULL),(1246,'http://smartdata.tonytemplates.com/poolservice/elementor/pool-services/equipment-install/',3698,NULL,'external',453,NULL,NULL,NULL,NULL,NULL,NULL),(1245,'http://smartdata.tonytemplates.com/poolservice/elementor/pool-services/renovations/',3698,NULL,'external',453,NULL,NULL,NULL,NULL,NULL,NULL),(1244,'http://smartdata.tonytemplates.com/poolservice/elementor/pool-services/repair/',3698,NULL,'external',453,NULL,NULL,NULL,NULL,NULL,NULL),(1243,'http://smartdata.tonytemplates.com/poolservice/elementor/pool-services/contruction-services/',3698,NULL,'external',453,NULL,NULL,NULL,NULL,NULL,NULL),(1242,'http://smartdata.tonytemplates.com/poolservice/elementor/pool-services/contruction-services/',3698,NULL,'external',453,NULL,NULL,NULL,NULL,NULL,NULL),(1241,'http://smartdata.tonytemplates.com/poolservice/elementor/pool-services/commercial-pool-service/',3698,NULL,'external',453,NULL,NULL,NULL,NULL,NULL,NULL),(1240,'http://smartdata.tonytemplates.com/poolservice/elementor/pool-services/commercial-pool-service/',3698,NULL,'external',453,NULL,NULL,NULL,NULL,NULL,NULL),(1239,'http://smartdata.tonytemplates.com/poolservice/elementor/pool-services/residential-pool-service/',3698,NULL,'external',453,NULL,NULL,NULL,NULL,NULL,NULL),(1238,'http://smartdata.tonytemplates.com/poolservice/elementor/pool-services/residential-pool-service/',3698,NULL,'external',453,NULL,NULL,NULL,NULL,NULL,NULL),(1682,'http://theswimzone.com/wp-content/uploads/2020/12/Kinnelon-Pool-e1609179381525-600x245.jpg',3710,3710,'image-in',455,455,783,1920,417488,NULL,NULL),(4121,'https://theswimzone.com/wp-content/uploads/2020/11/Tommy-1-e1609178268419.jpeg',2934,3681,'image-in',343,449,786,1920,340132,NULL,NULL),(4122,'https://theswimzone.com/wp-content/uploads/2020/12/Kinnelon-Pool-e1609179381525.jpg',2934,3710,'image-in',343,455,783,1920,417488,NULL,NULL),(4123,'https://theswimzone.com/wp-content/uploads/2020/07/slide3-1.jpg',2934,1716,'image-in',343,52,785,1920,78881,NULL,NULL),(4124,'https://theswimzone.com/wp-content/uploads/2020/12/Pool-Maintenance-scaled-e1609356734886.jpeg',2934,3729,'image-in',343,458,226,371,29039,NULL,NULL),(4125,'https://theswimzone.com/wp-content/uploads/2020/12/Pool-Repairs-scaled.jpeg',2934,3742,'image-in',343,460,1559,2560,1016238,NULL,NULL),(4126,'https://theswimzone.com/wp-content/uploads/2020/12/Equipment-Installation-scaled.jpeg',2934,3731,'image-in',343,459,1559,2560,865186,NULL,NULL),(4230,'https://theswimzone.com/wp-content/uploads/2021/12/Pool-Opening-Home-Page.jpg',2934,3944,'image-in',343,504,608,998,268812,NULL,NULL),(4231,'https://theswimzone.com/pool-services/pool-closing/',2934,2511,'internal',343,362,NULL,NULL,NULL,NULL,NULL),(4232,'https://theswimzone.com/wp-content/uploads/2021/12/Closing-Pool.jpg',2934,3948,'image-in',343,505,357,587,57699,NULL,NULL),(4234,'https://theswimzone.com/pool-services/residential-pool-service/',2934,2425,'internal',343,351,NULL,NULL,NULL,NULL,NULL),(4235,'https://theswimzone.com/wp-content/uploads/2021/12/Residential-Pool-Maintenance.jpg',2934,3958,'image-in',343,506,608,998,249548,NULL,NULL),(4236,'https://www.speed-seo.net/product/local-seo-package/',3982,NULL,'external',511,NULL,NULL,NULL,NULL,NULL,NULL),(4237,'https://www.speed-seo.net/product/zip-codes-gmaps-citations/',3982,NULL,'external',511,NULL,NULL,NULL,NULL,NULL,NULL),(4239,'https://theswimzone.com/pool-services/pool-opening',2934,2719,'internal',343,382,NULL,NULL,NULL,NULL,NULL),(4223,'https://theswimzone.com/swimming-pool-retail-store/',2934,2,'internal',343,8,NULL,NULL,NULL,NULL,NULL),(4219,'',2,NULL,'internal',8,5,NULL,NULL,NULL,NULL,NULL),(4220,'',2,NULL,'internal',8,5,NULL,NULL,NULL,NULL,NULL),(4221,'',2,NULL,'internal',8,5,NULL,NULL,NULL,NULL,NULL),(4222,'',2,NULL,'internal',8,5,NULL,NULL,NULL,NULL,NULL),(4226,'https://theswimzone.com/contacts/',3911,23,'internal',493,335,NULL,NULL,NULL,NULL,NULL),(4227,'https://theswimzone.com/contacts/',3916,23,'internal',498,335,NULL,NULL,NULL,NULL,NULL),(4228,'https://theswimzone.com/contacts/',3916,23,'internal',498,335,NULL,NULL,NULL,NULL,NULL),(4093,'http://theswimzone.com/pool-services/repair/',2934,2714,'internal',343,381,NULL,NULL,NULL,NULL,NULL),(4094,'http://theswimzone.com/pool-services/equipment-install/',2934,2503,'internal',343,359,NULL,NULL,NULL,NULL,NULL),(4238,'https://theswimzone.com/pool-services/pool-opening',2934,2719,'internal',343,382,NULL,NULL,NULL,NULL,NULL),(4233,'https://theswimzone.com/pool-services/pool-opening/',2934,2535,'internal',343,373,NULL,NULL,NULL,NULL,NULL),(4092,'http://theswimzone.com/pool-services/pool-maintenance/',2934,2522,'internal',343,363,NULL,NULL,NULL,NULL,NULL),(4213,'',2,NULL,'internal',8,5,NULL,NULL,NULL,NULL,NULL),(4214,'',2,NULL,'internal',8,5,NULL,NULL,NULL,NULL,NULL),(4215,'',2,NULL,'internal',8,5,NULL,NULL,NULL,NULL,NULL),(4216,'',2,NULL,'internal',8,5,NULL,NULL,NULL,NULL,NULL),(4217,'',2,NULL,'internal',8,5,NULL,NULL,NULL,NULL,NULL),(4186,'https://theswimzone.com/pool-services/pool-maintenance/',2934,2522,'internal',343,363,NULL,NULL,NULL,NULL,NULL),(4218,'',2,NULL,'internal',8,5,NULL,NULL,NULL,NULL,NULL),(4187,'https://theswimzone.com/pool-services/pool-maintenance/',2934,2522,'internal',343,363,NULL,NULL,NULL,NULL,NULL),(4225,'https://theswimzone.com/contacts/',3911,23,'internal',493,335,NULL,NULL,NULL,NULL,NULL),(4224,'https://theswimzone.com/swimming-pool-retail-store/',2934,2,'internal',343,8,NULL,NULL,NULL,NULL,NULL);


